{"id":1080,"date":"2021-01-19T09:08:03","date_gmt":"2021-01-19T09:08:03","guid":{"rendered":"https:\/\/nilbilisim.com.tr\/magaza\/urun\/dahua-tpc-pt8320b-30150z30-termal-network-hibrid-ptz\/"},"modified":"2024-07-01T01:40:40","modified_gmt":"2024-06-30T22:40:40","slug":"dahua-tpc-pt8320b-30150z30-termal-network-hibrid-ptz","status":"publish","type":"product","link":"https:\/\/nilbilisim.com.tr\/magaza\/urun\/dahua-tpc-pt8320b-30150z30-termal-network-hibrid-ptz\/","title":{"rendered":"Dahua TPC-PT8320B-30150Z30 Termal Network Hybrid PTZ"},"content":{"rendered":"<ul>\n<li>336&times;256 VOx so\u011futmas\u0131z termal sens&ouml;r teknolojisi<\/li>\n<li>Athermalized Lens(termal), Focus-free<\/li>\n<li>1\/1.9&rdquo; 2Megapiksel progresif tarama Sony CMOS<\/li>\n<li>G&uuml;&ccedil;l&uuml; optik zoom lens (Termal ve g&ouml;r&uuml;n&uuml;r)<\/li>\n<li>Yang\u0131n alg\u0131lama ve alarm mevcut<\/li>\n<li>Maks. 12 &deg; \/ s pan h\u0131z\u0131, 360 &deg; endless pan d&ouml;nd&uuml;rme<\/li>\n<li>300 &ouml;n ayara kadar, 5 otomatik tarama, 8 tur, 5 pattern<\/li>\n<li>2\/2 alarm giri\u015fi \/ &ccedil;\u0131k\u0131\u015f\u0131<\/li>\n<li>Micro SD bellek, IP66<\/li>\n<\/ul>\n<p><img src=\"https:\/\/www.okisan.com\/wp-content\/uploads\/2016\/12\/20170717155350_36529.png\" \/><\/p>\n<table border=\"1\" cellpadding=\"5\" cellspacing=\"1\">\n<tbody>\n<tr>\n<td colspan=\"2\"><strong>Dahua TPC-PT8320B-30150Z30 Teknik &Ouml;zellikleri<\/strong><\/td>\n<\/tr>\n<tr>\n<td colspan=\"2\"><strong>Termal Kamera<\/strong><\/td>\n<\/tr>\n<tr>\n<td>G&ouml;r&uuml;nt&uuml; Sens&ouml;r&uuml;<\/td>\n<td rowspan=\"1\">So\u011futulmam\u0131\u015f VOx Mikrobolometre<\/td>\n<\/tr>\n<tr>\n<td>Etkin Piksel Say\u0131s\u0131<\/td>\n<td rowspan=\"1\">336 (H) x256 (V)<\/td>\n<\/tr>\n<tr>\n<td>Piksel Boyutu<\/td>\n<td rowspan=\"1\">17um<\/td>\n<\/tr>\n<tr>\n<td>Termal Duyarl\u0131l\u0131k (NETD)<\/td>\n<td rowspan=\"1\">&lt;40mK@f\/1.0<\/td>\n<\/tr>\n<tr>\n<td>Spektral Aral\u0131\u011f\u0131<\/td>\n<td rowspan=\"1\">7a- 14um<\/td>\n<\/tr>\n<tr>\n<td>Resim Ayar\u0131<\/td>\n<td>Parlakl\u0131k \/ Netlik \/ ROI \/ AGC \/ FFC \/ 3D DNR<\/td>\n<\/tr>\n<tr>\n<td>Renk Paletleri<\/td>\n<td>14 (Whitehot \/ Blackhot \/ Ironrow \/ Icefire \/<\/p>\n<p>&nbsp;<\/p>\n<p>F&uuml;zyon \/ G&ouml;kku\u015fa\u011f\u0131 \/ Globow \/ Iconbow1 \/<\/p>\n<p>Iconbow2 .etc)<\/p>\n<\/td>\n<\/tr>\n<tr>\n<td colspan=\"2\"><strong>Termal Lens<\/strong><\/td>\n<\/tr>\n<tr>\n<td>Lens Tipi<\/td>\n<td>Motorize<\/td>\n<\/tr>\n<tr>\n<td>Odak Kontrol&uuml;<\/td>\n<td>Otomatik \/ Manuel<\/td>\n<\/tr>\n<tr>\n<td>Odak Uzakl\u0131\u011f\u0131<\/td>\n<td>30 ~ 150mm<\/td>\n<\/tr>\n<tr>\n<td>G&ouml;r&uuml;\u015f A&ccedil;\u0131s\u0131<\/td>\n<td>H: 10.3 &deg; ~ 2.1 &deg;, V: 7.8 &deg; ~ 1.6 &deg;<\/td>\n<\/tr>\n<tr>\n<td>Etkili Mesafe \u2460<\/p>\n<p>&nbsp;<\/p>\n<p>\u0130nsan (1,8m * 0.5m)<\/p>\n<\/td>\n<td>D: 4500m<\/p>\n<p>&nbsp;<\/p>\n<p>R: 1150m<\/p>\n<p>I: 570m<\/p>\n<\/td>\n<\/tr>\n<tr>\n<td>Etkili Mesafe<\/p>\n<p>&nbsp;<\/p>\n<p>Ara&ccedil; (2.3M * 2.3m)<\/p>\n<\/td>\n<td>D: 13200m<\/p>\n<p>&nbsp;<\/p>\n<p>R: 3500m<\/p>\n<p>I: 1800m<\/p>\n<\/td>\n<\/tr>\n<tr>\n<td><strong>G&ouml;r&uuml;n&uuml;r Kamera<\/strong><\/td>\n<td>&nbsp;<\/td>\n<\/tr>\n<tr>\n<td>G&ouml;r&uuml;nt&uuml; Sens&ouml;r&uuml;<\/td>\n<td>1 \/ 1.9 &ldquo;Sony CMOS<\/td>\n<\/tr>\n<tr>\n<td>Etkin Piksel Say\u0131s\u0131<\/td>\n<td>1944 (H) x1092 (V)<\/td>\n<\/tr>\n<tr>\n<td>Elektronik Shutter H\u0131z\u0131<\/td>\n<td>1\/1 ~ 1 \/ 30.000s<\/td>\n<\/tr>\n<tr>\n<td>Min.&nbsp;Ayd\u0131nlatma<\/td>\n<td>0.001Lux@Fl.5 (Renk), 0.0001Lux@Fl.5 (B \/ W)<\/td>\n<\/tr>\n<tr>\n<td>S \/ N Oran\u0131<\/td>\n<td>55 dB&rsquo;den fazla<\/td>\n<\/tr>\n<tr>\n<td>IR Mesafesi<\/td>\n<td>&ndash;<\/td>\n<\/tr>\n<tr>\n<td>IR A&ccedil;ma \/ Kapama Kontrol&uuml;<\/td>\n<td>&ndash;<\/td>\n<\/tr>\n<tr>\n<td>IR LED<\/td>\n<td>&ndash;<\/td>\n<\/tr>\n<tr>\n<td colspan=\"2\"><strong>G&ouml;r&uuml;n&uuml;r Lens<\/strong><\/td>\n<\/tr>\n<tr>\n<td>Odak Uzakl\u0131\u011f\u0131<\/td>\n<td rowspan=\"1\">6 ~ 180 mm<\/td>\n<\/tr>\n<tr>\n<td>Maks. Diyafram<\/td>\n<td rowspan=\"1\">F1.5<\/td>\n<\/tr>\n<tr>\n<td>G&ouml;r&uuml;\u015f A&ccedil;\u0131s\u0131<\/td>\n<td rowspan=\"1\">H: 59 &deg;<\/p>\n<p>&nbsp;<\/p>\n<p>~ 2.4 &deg;<\/p>\n<\/td>\n<\/tr>\n<tr>\n<td>Optik Zoom<\/td>\n<td>30X<\/td>\n<\/tr>\n<tr>\n<td>Odak Kontrol&uuml;<\/td>\n<td>Otomatik \/ Manuel<\/td>\n<\/tr>\n<tr>\n<td>Yak\u0131n Odak Mesafesi<\/td>\n<td>100mm ~ 1000mm (0.33ft ~ 3.28ft)<\/td>\n<\/tr>\n<tr>\n<td colspan=\"2\"><strong>PTZ<\/strong><\/td>\n<\/tr>\n<tr>\n<td>Pan\/Tilt Aral\u0131\u011f\u0131<\/td>\n<td>Pan: 0&deg; ~ 360&deg; endless;Tilt: -45&deg; ~ 60&deg;(-60&deg; ~ 60&deg;&nbsp;opsiyonel)<\/td>\n<\/tr>\n<tr>\n<td>Manuel Kontrol H\u0131z\u0131<\/td>\n<td>Pan: 0.01&deg; ~12&deg; \/s; Tilt: 0.01&deg; ~9&deg; \/s<\/td>\n<\/tr>\n<tr>\n<td>Ayarlanabilir H\u0131z<\/td>\n<td>Pan: 0.01&deg; ~12&deg; \/s ;Tilt: 0.01&deg; ~9&deg; \/s<\/td>\n<\/tr>\n<tr>\n<td>Preset<\/td>\n<td>300<\/td>\n<\/tr>\n<tr>\n<td>PTZ Modu<\/td>\n<td>5 Otomatik Tarama, 8 Tur, 5 Pattern, Otomatik Pan<\/td>\n<\/tr>\n<tr>\n<td>H\u0131z Ayar\u0131<\/td>\n<td>\u0130nsan odakl\u0131 odak uzakl\u0131\u011f\u0131 \/ h\u0131z adaptasyonu<\/td>\n<\/tr>\n<tr>\n<td>Eylem Durumu<\/td>\n<td>&Ouml;nceki PTZ&rsquo;ye ve objektif durumuna otomatik geri y&uuml;kleme<\/p>\n<p>&nbsp;<\/p>\n<p>(Elektrik kesildikten sonra)<\/p>\n<\/td>\n<\/tr>\n<tr>\n<td>PTZ Bo\u015fta \u0130ken<\/td>\n<td>Belirtilen periyotta komut yoksa Preset \/ Tarama \/ Tur \/ Pattern&rsquo;i etkinle\u015ftirme<\/td>\n<\/tr>\n<tr>\n<td>Protokol<\/td>\n<td>DH-SD, Pelco-P \/ D (Otomatik tan\u0131ma)<\/td>\n<\/tr>\n<tr>\n<td><strong>Video<\/strong><\/td>\n<td>&nbsp;<\/td>\n<\/tr>\n<tr>\n<td>S\u0131k\u0131\u015ft\u0131rma<\/td>\n<td>H.264 \/ MJPEG<\/td>\n<\/tr>\n<tr>\n<td>Frame Oran\u0131<\/td>\n<td>Ana Aktar\u0131m:<\/p>\n<p>&nbsp;<\/p>\n<p>Termal: 1280&times;1024 (varsay\u0131lan) \/ 720P @ 1 ~ 25 \/ 30fps<\/p>\n<p>G&ouml;r&uuml;n&uuml;r: 1080P (varsay\u0131lan) \/ 720P @ 1 ~ 25 \/ 30fps<\/p>\n<p>Alt Ak\u0131\u015f:<\/p>\n<p>Termal: 640&times;512 (varsay\u0131lan) \/ 320&times;256 @ 1 ~ 25 \/ 30fps<\/p>\n<p>G&ouml;r&uuml;n&uuml;r: CIF (varsay\u0131lan) \/ D1 @ 1 ~ 25 \/ 30fps<\/p>\n<\/td>\n<\/tr>\n<tr>\n<td>Bit H\u0131z\u0131 Kontrol&uuml;<\/td>\n<td>CBR \/ VBR<\/td>\n<\/tr>\n<tr>\n<td>Bit Oran\u0131<\/td>\n<td>H.264: 640 ~ 8192Kbps<\/td>\n<\/tr>\n<tr>\n<td>G&uuml;nd&uuml;z Gece<\/td>\n<td>Otomatik (ICR) \/ Renkli \/ S \/ B<\/td>\n<\/tr>\n<tr>\n<td>BLC Modu<\/td>\n<td>BLC \/ HLC \/ WDR<\/td>\n<\/tr>\n<tr>\n<td>Beyaz Dengesi<\/td>\n<td>Otomatik \/ ATW \/ Kapal\u0131 \/ A&ccedil;\u0131k \/ Manuel<\/td>\n<\/tr>\n<tr>\n<td>Parazit Azaltma<\/td>\n<td>3D DNR<\/td>\n<\/tr>\n<tr>\n<td>Hareket Alg\u0131lama<\/td>\n<td>Kapal\u0131 \/ A&ccedil;\u0131k (4 b&ouml;lge, Dikd&ouml;rtgen)<\/td>\n<\/tr>\n<tr>\n<td>ROI<\/td>\n<td>Kapal\u0131 \/ A&ccedil;\u0131k (4 b&ouml;lge)<\/td>\n<\/tr>\n<tr>\n<td>Elektronik G&ouml;r&uuml;nt&uuml; Sabitleme<\/p>\n<p>&nbsp;<\/p>\n<p>(EIS)<\/p>\n<\/td>\n<td>&ndash;<\/td>\n<\/tr>\n<tr>\n<td>Ultra Defog (Anti Sis)<\/td>\n<td>Kapal\u0131 \/ A&ccedil;\u0131k<\/td>\n<\/tr>\n<tr>\n<td>Dijital Zoom<\/td>\n<td>16x<\/td>\n<\/tr>\n<tr>\n<td>Flip<\/td>\n<td>180&deg;<\/td>\n<\/tr>\n<tr>\n<td>Mirror<\/td>\n<td>Kapal\u0131 \/ A&ccedil;\u0131k<\/td>\n<\/tr>\n<tr>\n<td>&Ouml;zel Alan Maskelemesi<\/td>\n<td>Kapal\u0131 \/ A&ccedil;\u0131k (4 alan, Dikd&ouml;rtgen)<\/td>\n<\/tr>\n<tr>\n<td><strong>Ses<\/strong><\/td>\n<td>&nbsp;<\/td>\n<\/tr>\n<tr>\n<td>S\u0131k\u0131\u015ft\u0131rma<\/td>\n<td>G.711A \/ G.711Mu \/ AAC<\/td>\n<\/tr>\n<tr>\n<td colspan=\"2\"><strong>Ak\u0131ll\u0131 Fonksiyonlar<\/strong><\/td>\n<\/tr>\n<tr>\n<td>IVS<\/td>\n<td>Tripwire, Sald\u0131r\u0131, Nesne Terk \/ Kay\u0131p<\/td>\n<\/tr>\n<tr>\n<td>Ak\u0131ll\u0131 Fonksiyonlar<\/td>\n<td>Yang\u0131n alg\u0131lama ve alarm<\/td>\n<\/tr>\n<tr>\n<td>Tarama Tetik Modu<\/td>\n<td>&ndash;<\/td>\n<\/tr>\n<tr>\n<td>Tarama Tetik Olaylar\u0131<\/td>\n<td>&ndash;<\/td>\n<\/tr>\n<tr>\n<td colspan=\"2\"><strong>Network<\/strong><\/td>\n<\/tr>\n<tr>\n<td>Ethernet<\/td>\n<td rowspan=\"1\">RJ-45 (10 \/ 100Base-T)<\/td>\n<\/tr>\n<tr>\n<td>Protokol<\/td>\n<td rowspan=\"1\">IPv4 \/ IPv6, HTTP, HTTPS, SSL, TCP \/ IP, UDP, UPnP, ICMP, IGMP, SNMP, RTSP, RTP, SMTP, NTP, DHCP, DNS, PPPOE, DDNS, FTP, IP Filtresi, QoS, Bonjour, 802.1 x<\/td>\n<\/tr>\n<tr>\n<td>ONVIF<\/td>\n<td>ONVIF Profili S &amp; G, PSIA, CGI<\/td>\n<\/tr>\n<tr>\n<td>Ak\u0131\u015f Metodu<\/td>\n<td>Tek Noktaya Yay\u0131n \/ &Ccedil;ok Noktaya Yay\u0131n<\/td>\n<\/tr>\n<tr>\n<td>Maks.&nbsp;Kullan\u0131c\u0131 Eri\u015fimi<\/td>\n<td>10 Kullan\u0131c\u0131lar \/ 20 Kullan\u0131c\u0131<\/td>\n<\/tr>\n<tr>\n<td>Direkt Depolama<\/td>\n<td>Mikro SD (128 GB)<\/p>\n<p>&nbsp;<\/p>\n<p>Bellek durum g&ouml;stergesi (Normal \/ Hata \/ Aktif \/ Bi&ccedil;imlendirme \/ Kilitleme),<\/p>\n<p>NAS (A\u011fa Ba\u011fl\u0131 Depolama), anl\u0131k kay\u0131t i&ccedil;in Yerel PC<\/p>\n<\/td>\n<\/tr>\n<tr>\n<td>Yaz\u0131l\u0131m Y&ouml;netimi<\/td>\n<td>Ak\u0131ll\u0131 PSS, DSS<\/td>\n<\/tr>\n<tr>\n<td>Ak\u0131ll\u0131 Telefon<\/td>\n<td>Android, Ios<\/td>\n<\/tr>\n<tr>\n<td><strong>Sertifikalar<\/strong><\/td>\n<td>&nbsp;<\/td>\n<\/tr>\n<tr>\n<td>Sertifikalar<\/td>\n<td>CE (EN 60950: 2000) FCC (FCC B&ouml;l&uuml;m 15 Alt B&ouml;l&uuml;mB)<\/td>\n<\/tr>\n<tr>\n<td><strong>Aray&uuml;z<\/strong><\/td>\n<td rowspan=\"1\">&nbsp;<\/td>\n<\/tr>\n<tr>\n<td>Video Aray&uuml;z&uuml;<\/td>\n<td rowspan=\"1\">1.0Vp-p \/ 75&Omega;, PAL \/ NTSC (HDCVI Opsiyonel)<\/td>\n<\/tr>\n<tr>\n<td>Ses Aray&uuml;z&uuml;<\/td>\n<td rowspan=\"1\">Giri\u015f \/ &Ccedil;\u0131k\u0131\u015f 1 Giri\u015f \/ 1 &Ccedil;\u0131k\u0131\u015f<\/td>\n<\/tr>\n<tr>\n<td>RS485<\/td>\n<td rowspan=\"1\">Mevcut<\/td>\n<\/tr>\n<tr>\n<td>Alarm<\/td>\n<td>2\/2 Giri\u015f \/ &Ccedil;\u0131k\u0131\u015f<\/td>\n<\/tr>\n<tr>\n<td colspan=\"2\"><strong>G&uuml;&ccedil;<\/strong><\/td>\n<\/tr>\n<tr>\n<td>G&uuml;&ccedil; Kayna\u011f\u0131<\/td>\n<td rowspan=\"1\">100 ~ 300V AC<\/td>\n<\/tr>\n<tr>\n<td>G&uuml;&ccedil; T&uuml;ketimi<\/td>\n<td rowspan=\"1\">Maks.&nbsp;100W<\/td>\n<\/tr>\n<tr>\n<td><strong>&Ccedil;evre Ko\u015fullar\u0131<\/strong><\/td>\n<td>&nbsp;<\/td>\n<\/tr>\n<tr>\n<td>&Ccedil;al\u0131\u015fma Ko\u015fullar\u0131<\/td>\n<td rowspan=\"1\">-35 &deg; C ~ + 65 &deg; C (-31 &deg; F ~ + 149 &deg; F) \/ (-40 &deg; C ~ 70 &deg; C opsiyonel) \/% 95&rsquo;den az RH<\/p>\n<p>&nbsp;<\/p>\n<p>* Ba\u015flang\u0131&ccedil; \u200b\u200b-40 &deg; C&rsquo;nin &uuml;st&uuml;nde (-40 &deg; F) yap\u0131lmal\u0131d\u0131r.<\/p>\n<\/td>\n<\/tr>\n<tr>\n<td>Dayan\u0131kl\u0131l\u0131k Ko\u015fullar\u0131<\/td>\n<td>-40 &deg; C ~ + 70 &deg; C&nbsp;(&nbsp;-40 &deg; F ~ + 158 &deg; F&nbsp;) \/% 95 RH&rsquo;den d&uuml;\u015f&uuml;k<\/td>\n<\/tr>\n<tr>\n<td>Koruma Sertifikas\u0131<\/td>\n<td rowspan=\"1\">IP66<\/td>\n<\/tr>\n<tr>\n<td>Kasa<\/td>\n<td>Metal<\/td>\n<\/tr>\n<tr>\n<td>Boyutlar<\/td>\n<td>640mm x 400mm x 612mm<\/td>\n<\/tr>\n<tr>\n<td>Net A\u011f\u0131rl\u0131k<\/td>\n<td>50 kg<\/td>\n<\/tr>\n<\/tbody>\n<\/table>\n","protected":false},"excerpt":{"rendered":"<p>336&times;256 VOx so\u011futmas\u0131z termal sens&ouml;r teknolojisi Athermalized Lens(termal), Focus-free 1\/1.9&rdquo; 2Megapiksel progresif tarama Sony CMOS G&uuml;&ccedil;l&uuml; optik zoom lens (Termal ve g&ouml;r&uuml;n&uuml;r) Yang\u0131n alg\u0131lama ve alarm mevcut Maks. 12 &deg; \/ s pan h\u0131z\u0131, 360 &deg; endless pan d&ouml;nd&uuml;rme 300 &ouml;n ayara kadar, 5 otomatik tarama, 8 tur, 5 pattern 2\/2 alarm giri\u015fi \/ &ccedil;\u0131k\u0131\u015f\u0131 [&#8230;]\n","protected":false},"featured_media":1081,"comment_status":"closed","ping_status":"closed","template":"","meta":[],"_links":{"self":[{"href":"https:\/\/nilbilisim.com.tr\/magaza\/wp-json\/wp\/v2\/product\/1080"}],"collection":[{"href":"https:\/\/nilbilisim.com.tr\/magaza\/wp-json\/wp\/v2\/product"}],"about":[{"href":"https:\/\/nilbilisim.com.tr\/magaza\/wp-json\/wp\/v2\/types\/product"}],"replies":[{"embeddable":true,"href":"https:\/\/nilbilisim.com.tr\/magaza\/wp-json\/wp\/v2\/comments?post=1080"}],"wp:featuredmedia":[{"embeddable":true,"href":"https:\/\/nilbilisim.com.tr\/magaza\/wp-json\/wp\/v2\/media\/1081"}],"wp:attachment":[{"href":"https:\/\/nilbilisim.com.tr\/magaza\/wp-json\/wp\/v2\/media?parent=1080"}],"curies":[{"name":"wp","href":"https:\/\/api.w.org\/{rel}","templated":true}]}}