{"id":1142,"date":"2021-01-26T16:42:51","date_gmt":"2021-01-26T13:42:51","guid":{"rendered":"https:\/\/nilbilisim.com.tr\/magaza\/urun\/hikvision-ds-2cd1323g0-iu-2mpix-28mm-lens-h265-30mt-gece-gr-poe-mikrofonlu-dome-ip-kamera\/"},"modified":"2024-07-01T01:40:36","modified_gmt":"2024-06-30T22:40:36","slug":"hikvision-ds-2cd1323g0-iu-2mpix-28mm-lens-h265-30mt-gece-gr-poe-mikrofonlu-dome-ip-kamera","status":"publish","type":"product","link":"https:\/\/nilbilisim.com.tr\/magaza\/urun\/hikvision-ds-2cd1323g0-iu-2mpix-28mm-lens-h265-30mt-gece-gr-poe-mikrofonlu-dome-ip-kamera\/","title":{"rendered":"HIKVISION DS-2CD1323G0-IU 2Mpix, 2,8mm Lens, H265+, 30Mt Gece G\u00f6r\u00fc\u015f\u00fc, PoE, Mikrofonlu Dome IP Kamera"},"content":{"rendered":"<ul>\n<li>Kamera<\/li>\n<li>G&ouml;r&uuml;nt&uuml; Sens&ouml;r&uuml;1 \/ 2,8 &quot;A\u015famal\u0131 Tarama CMOS<\/li>\n<li>Min.&nbsp;Ayd\u0131nlatmaRenk: 0.028 Lux @ (F2.0, AGC ON), IR ile 0 Lux<\/li>\n<li>Deklan\u015f&ouml;r H\u0131z\u01311\/3 sn &#8211; 1 \/ 100.000 sn<\/li>\n<li>Yava\u015f Deklan\u015f&ouml;rEvet<\/li>\n<li>G&uuml;nd&uuml;z GeceIR kesim filtresi<\/li>\n<li>Geni\u015f Dinamik AlanDijital WDR<\/li>\n<\/ul>\n<ul>\n<li>Lens<\/li>\n<li>LensSabit lens, 2,8 \/ 4 mm<\/li>\n<li>Otomatik \u0130risHay\u0131r<\/li>\n<li>Diyafram A&ccedil;\u0131kl\u0131\u011f\u0131F2.0<\/li>\n<li>FOV2,8 mm: Yatay FOV: 114 &deg;, dikey FOV: 62 &deg;, diyagonal FOV: 135 &deg;; 4 mm: Yatay FOV: 86 &deg;, dikey FOV: 46 &deg;, diyagonal FOV: 102 &deg;<\/li>\n<li>Lens Yuvas\u0131M12<\/li>\n<\/ul>\n<ul>\n<li>Ayd\u0131nlat\u0131c\u0131<\/li>\n<li>IR Aral\u0131\u011f\u013130 m&#039;ye kadar<\/li>\n<li>Dalgaboyu850 nm<\/li>\n<\/ul>\n<ul>\n<li>Video<\/li>\n<li>Maks. Alan Say\u0131s\u0131&nbsp;&Ccedil;&ouml;z&uuml;m1920 &times; 1080<\/li>\n<li>Video S\u0131k\u0131\u015ft\u0131rmaAna ak\u0131\u015f: H.265 + \/ H.265 \/ H.264 + \/ H.264; Alt ak\u0131\u015f: H.265 \/ H.264 \/ MJPEG<\/li>\n<li>H.264 T&uuml;r&uuml;Temel Profil \/ Ana Profil \/ Y&uuml;ksek Profil<\/li>\n<li>H.265 T&uuml;r&uuml;Ana Profil<\/li>\n<li>Video Bit H\u0131z\u013132 Kbps &#8211; 8 Mbps<\/li>\n<\/ul>\n<ul>\n<li>Ak\u0131ll\u0131 &Ouml;zellik Seti<\/li>\n<li>\u0130lgi B&ouml;lgesiAna ak\u0131\u015f ve alt ak\u0131\u015f i&ccedil;in 1 sabit b&ouml;lge<\/li>\n<\/ul>\n<ul>\n<li>Resim<\/li>\n<li>G&ouml;r&uuml;nt&uuml; Geli\u015ftirmeBLC, 3D DNR<\/li>\n<li>G&ouml;r&uuml;nt&uuml; Ayar\u0131\u0130stemci yaz\u0131l\u0131m\u0131 veya web taray\u0131c\u0131s\u0131 taraf\u0131ndan ayarlanabilen d&ouml;nd&uuml;rme modu, doygunluk, parlakl\u0131k, kontrast, keskinlik, AGC ve beyaz dengesi<\/li>\n<li>G&uuml;nd&uuml;z \/ Gece Anahtar\u0131G&uuml;nd&uuml;z \/ Gece \/ Otomatik \/ Program<\/li>\n<li>Ana Ak\u0131\u015f Maks.&nbsp;Kare H\u0131z\u013150Hz: 25fps (1920 &times; 1080, 1280 &times; 960, 1280 &times; 720); 60Hz: 30fps (1920 &times; 1080, 1280 &times; 960, 1280 &times; 720)<\/li>\n<li>Alt Ak\u0131\u015f Maks.&nbsp;Kare H\u0131z\u013150Hz: 25fps (640 &times; 480, 640 &times; 360, 320 &times; 240); 60Hz: 30fps (640 &times; 480, 640 &times; 360, 320 &times; 240)<\/li>\n<\/ul>\n<ul>\n<li>A\u011f<\/li>\n<li>ProtokollerTCP \/ IP, ICMP, HTTP, HTTPS, FTP, DHCP, DNS, DDNS, RTP, RTSP, RTCP, NTP, UPnP, SMTP, IGMP, 802.1X, QoS, IPv6, UDP, Bonjour<\/li>\n<li>APIONVIF (PROF\u0130L S, PROF\u0130L G), ISAPI<\/li>\n<li>E\u015fzamanl\u0131 Canl\u0131 G&ouml;r&uuml;nt&uuml;6 kanala kadar<\/li>\n<li>Kullan\u0131c\u0131 \/ Bar\u0131nd\u0131r\u0131c\u013132 kullan\u0131c\u0131ya kadar, 3 seviye: Y&ouml;netici, Operat&ouml;r ve Kullan\u0131c\u0131<\/li>\n<li>M&uuml;\u015fteriiVMS-4200, Hik-Connect, iVMS-5200<\/li>\n<li>\u0130nternet Taray\u0131c\u0131s\u0131IE8 +, Chrome 41.0-44, Firefox 30.0-51, Safari 8.0-11<\/li>\n<li>Alarm TetikleyiciHareket alg\u0131lama, video kurcalama alarm\u0131, yasad\u0131\u015f\u0131 oturum a&ccedil;ma<\/li>\n<\/ul>\n<ul>\n<li>Aray&uuml;z<\/li>\n<li>\u0130leti\u015fim Aray&uuml;z&uuml;1 RJ45 10M \/ 100M kendinden uyarlamal\u0131 Ethernet ba\u011flant\u0131 noktas\u0131<\/li>\n<\/ul>\n<ul>\n<li>Genel<\/li>\n<li>Firmware S&uuml;r&uuml;m&uuml;5.5.83<\/li>\n<li>Genel FonksiyonTek tu\u015fla s\u0131f\u0131rlama, kalp at\u0131\u015f\u0131, ayna, \u015fifre korumas\u0131, gizlilik maskesi, filigran, IP adresi filtresi<\/li>\n<li>Ba\u015flatma Ve &Ccedil;al\u0131\u015fma Ko\u015fullar\u0131-30 &deg; C ila 60 &deg; C (-22 &deg; F ila 140 &deg; F), nem% 95 veya daha az (yo\u011fu\u015fmas\u0131z)<\/li>\n<li>G&uuml;&ccedil; Kayna\u011f\u013112 VDC &plusmn;% 25, &Phi; 5,5 mm koaksiyel g&uuml;&ccedil; fi\u015fi;&nbsp;PoE (802.3af, s\u0131n\u0131f 0)<\/li>\n<li>MalzemeKamera g&ouml;vdesi: metal, alt taban: plastik<\/li>\n<li>BoyutlarKamera: 94,4 &times; &Phi;110 mm (3,7 &quot;&times; &Phi;4,3&quot;); Ambalajl\u0131: 150 &times; 150 &times; 141 mm (5,9 &quot;&times; 5,9&quot; &times; 5,6 &quot;)<\/li>\n<li>A\u011f\u0131rl\u0131kKamera: Yakla\u015f\u0131k.&nbsp;354 g (0,8 lb.); Ambalajla birlikte: Yakla\u015f\u0131k.&nbsp;681 g (1.5 lb.)<\/li>\n<li>G&uuml;&ccedil; T&uuml;ketimi Ve Ak\u0131m12 VDC, 0,4 A, maks.&nbsp;5 W;&nbsp;PoE (802.3af, 36 V &#8211; 57 V), 0.20 A &#8211; 0.10 A, maks.&nbsp;6.5 W<\/li>\n<li>Aray&uuml;z Korumas\u0131Giri\u015f korumas\u0131: IP66 (IEC 60529-2013)<\/li>\n<\/ul>\n<p>&nbsp;<\/p>\n<table>\n<tbody>\n<tr>\n<td>&Ccedil;&ouml;z&uuml;n&uuml;rl&uuml;k<\/td>\n<td>2.0 MP<\/td>\n<\/tr>\n<tr>\n<td>Gece G&ouml;r&uuml;\u015f&uuml;<\/td>\n<td>30 Metre<\/td>\n<\/tr>\n<tr>\n<td>Lens<\/td>\n<td>2.8 mm<\/td>\n<\/tr>\n<tr>\n<td>Poe<\/td>\n<td>Var<\/td>\n<\/tr>\n<tr>\n<td>Ses<\/td>\n<td>Var<\/td>\n<\/tr>\n<\/tbody>\n<\/table>\n","protected":false},"excerpt":{"rendered":"<p>Kamera G&ouml;r&uuml;nt&uuml; Sens&ouml;r&uuml;1 \/ 2,8 &quot;A\u015famal\u0131 Tarama CMOS Min.&nbsp;Ayd\u0131nlatmaRenk: 0.028 Lux @ (F2.0, AGC ON), IR ile 0 Lux Deklan\u015f&ouml;r H\u0131z\u01311\/3 sn &#8211; 1 \/ 100.000 sn Yava\u015f Deklan\u015f&ouml;rEvet G&uuml;nd&uuml;z GeceIR kesim filtresi Geni\u015f Dinamik AlanDijital WDR Lens LensSabit lens, 2,8 \/ 4 mm Otomatik \u0130risHay\u0131r Diyafram A&ccedil;\u0131kl\u0131\u011f\u0131F2.0 FOV2,8 mm: Yatay FOV: 114 &deg;, dikey [&#8230;]\n","protected":false},"featured_media":1143,"comment_status":"closed","ping_status":"closed","template":"","meta":[],"_links":{"self":[{"href":"https:\/\/nilbilisim.com.tr\/magaza\/wp-json\/wp\/v2\/product\/1142"}],"collection":[{"href":"https:\/\/nilbilisim.com.tr\/magaza\/wp-json\/wp\/v2\/product"}],"about":[{"href":"https:\/\/nilbilisim.com.tr\/magaza\/wp-json\/wp\/v2\/types\/product"}],"replies":[{"embeddable":true,"href":"https:\/\/nilbilisim.com.tr\/magaza\/wp-json\/wp\/v2\/comments?post=1142"}],"wp:featuredmedia":[{"embeddable":true,"href":"https:\/\/nilbilisim.com.tr\/magaza\/wp-json\/wp\/v2\/media\/1143"}],"wp:attachment":[{"href":"https:\/\/nilbilisim.com.tr\/magaza\/wp-json\/wp\/v2\/media?parent=1142"}],"curies":[{"name":"wp","href":"https:\/\/api.w.org\/{rel}","templated":true}]}}