{"id":1181,"date":"2021-02-14T22:03:30","date_gmt":"2021-02-14T19:03:30","guid":{"rendered":"https:\/\/nilbilisim.com.tr\/magaza\/urun\/hikvision-ds-2ce56d0t-vpir3f-2mp-a-da-mekan-vandal-proof-dome-kamera\/"},"modified":"2024-07-01T01:40:30","modified_gmt":"2024-06-30T22:40:30","slug":"hikvision-ds-2ce56d0t-vpir3f-2mp-a-da-mekan-vandal-proof-dome-kamera","status":"publish","type":"product","link":"https:\/\/nilbilisim.com.tr\/magaza\/urun\/hikvision-ds-2ce56d0t-vpir3f-2mp-a-da-mekan-vandal-proof-dome-kamera\/","title":{"rendered":"HIKVISION DS-2CE56D0T-VPIR3F 2MP \u0130\u00e7\/D\u0131\u015f Mekan Vandal-Proof Dome Kamera"},"content":{"rendered":"<ul>\n<li>2 MP de\u011fi\u015fken odakl\u0131 dome kamera<\/li>\n<li>2,8-12 mm de\u011fi\u015fken odakl\u0131 lens<\/li>\n<li>Ak\u0131ll\u0131 IR: 40 m&#039;ye kadar IR mesafesi<\/li>\n<li>Suya ve toza dayan\u0131kl\u0131 (IP66) ve sald\u0131r\u0131lara kar\u015f\u0131 dayan\u0131kl\u0131 (IK10)<\/li>\n<li>4&#039;&uuml; 1 arada (4 sinyal de\u011fi\u015ftirilebilir TVI \/ AHD \/ CVI \/ CVBS).<\/li>\n<\/ul>\n<ul>\n<li>\n<p><img alt=\"\" src=\"https:\/\/www.detayresimler.com\/urun\/2\/2CE56D0T-VPI.jpg\" \/><img alt=\"\" src=\"https:\/\/www.detayresimler.com\/urun\/2\/2CE56D0T-VPI_1.jpg\" \/><img alt=\"\" src=\"https:\/\/www.detayresimler.com\/urun\/2\/2CE56D0T-VPI_2.jpg\" \/><img alt=\"\" src=\"https:\/\/www.detayresimler.com\/urun\/2\/2CE56D0T-VPI_3.jpg\" \/><img alt=\"\" src=\"https:\/\/www.detayresimler.com\/urun\/2\/2CE56D0T-VPI_4.jpg\" \/><img alt=\"\" src=\"https:\/\/www.detayresimler.com\/urun\/2\/2CE56D0T-VPI_6.jpg\" \/><\/p>\n<\/li>\n<li>\n<p>&nbsp;<img alt=\"\" src=\"https:\/\/www.detayresimler.com\/urun\/2\/2CE56D0T-VPI_5.jpg\" \/><img alt=\"\" src=\"https:\/\/www.detayresimler.com\/urun\/2\/2CE56D0T-VPI_7.jpg\" \/><img alt=\"\" src=\"https:\/\/www.detayresimler.com\/urun\/2\/2CE56D0T-VPI_8.jpg\" \/><\/p>\n<\/li>\n<li>\n<ul>\n<li>Kamera<\/li>\n<li>G&ouml;r&uuml;nt&uuml; Sens&ouml;r&uuml;2MP CMOS g&ouml;r&uuml;nt&uuml; sens&ouml;r&uuml;<\/li>\n<li>Sinyal SistemiPAL \/ NTSC<\/li>\n<li>Kare H\u0131z\u01311080p @ 25fps \/ 1080p @ 30fps<\/li>\n<li>&Ccedil;&ouml;z&uuml;n&uuml;rl&uuml;k1920 (Y) &times; 1080 (D)<\/li>\n<li>Min.&nbsp;Ayd\u0131nlatma0.01 Lux @ (F1.2, AGC ON), IR&#039;li 0 Lux<\/li>\n<li>Deklan\u015f&ouml;r S&uuml;resi1\/25 (1\/30) sn &#8211; 1 \/ 50.000 sn<\/li>\n<li>Mercek2.8 &#8211; 12 mm @ F1.4<\/li>\n<li>YatayG&ouml;r&uuml;\u015fAlan\u0131102.25 &deg; &#8211; 32 &deg;<\/li>\n<li>Lens Yuvas\u0131&Phi;14<\/li>\n<li>G&uuml;nd&uuml;z Ve GeceICR<\/li>\n<li>WDR (Geni\u015f Dinamik Aral\u0131k)&gt; 62 dB<\/li>\n<li>A&ccedil;\u0131 Ayar\u0131Pan: 0 &deg; ila 355 &deg;, E\u011fim: 0 &deg; ila 75 &deg;, D&ouml;nme: 0 &deg; ila 355 &deg;<\/li>\n<\/ul>\n<ul>\n<li>Aray&uuml;z<\/li>\n<li>Video &Ccedil;\u0131k\u0131\u015f\u01311 HD analog &ccedil;\u0131k\u0131\u015f<\/li>\n<\/ul>\n<ul>\n<li>Genel<\/li>\n<li>&Ccedil;al\u0131\u015fma Durumu-40 &deg; C ila 60 &deg; C (-40 &deg; F ila 140 &deg; F), Nem% 90 veya daha az (yo\u011fu\u015fmas\u0131z)<\/li>\n<li>G&uuml;&ccedil; Kayna\u011f\u013112 VDC &plusmn;% 15<\/li>\n<li>G&uuml;&ccedil; T&uuml;ketimiMaks.&nbsp;4 W<\/li>\n<li>Koruma SeviyesiIP66<\/li>\n<li>IR Aral\u0131\u011f\u013140 m&#039;ye kadar<\/li>\n<li>Boyutlar&Phi;145,3 &times; 124,2 mm (&Phi; 5,72 &rdquo;&times; 4,89&rdquo;)<\/li>\n<li>A\u011f\u0131rl\u0131kYakla\u015f\u0131k.&nbsp;1300 g<\/li>\n<\/ul>\n<\/li>\n<\/ul>\n","protected":false},"excerpt":{"rendered":"<p>2 MP de\u011fi\u015fken odakl\u0131 dome kamera 2,8-12 mm de\u011fi\u015fken odakl\u0131 lens Ak\u0131ll\u0131 IR: 40 m&#039;ye kadar IR mesafesi Suya ve toza dayan\u0131kl\u0131 (IP66) ve sald\u0131r\u0131lara kar\u015f\u0131 dayan\u0131kl\u0131 (IK10) 4&#039;&uuml; 1 arada (4 sinyal de\u011fi\u015ftirilebilir TVI \/ AHD \/ CVI \/ CVBS). &nbsp; Kamera G&ouml;r&uuml;nt&uuml; Sens&ouml;r&uuml;2MP CMOS g&ouml;r&uuml;nt&uuml; sens&ouml;r&uuml; Sinyal SistemiPAL \/ NTSC Kare H\u0131z\u01311080p @ [&#8230;]\n","protected":false},"featured_media":1182,"comment_status":"closed","ping_status":"closed","template":"","meta":[],"_links":{"self":[{"href":"https:\/\/nilbilisim.com.tr\/magaza\/wp-json\/wp\/v2\/product\/1181"}],"collection":[{"href":"https:\/\/nilbilisim.com.tr\/magaza\/wp-json\/wp\/v2\/product"}],"about":[{"href":"https:\/\/nilbilisim.com.tr\/magaza\/wp-json\/wp\/v2\/types\/product"}],"replies":[{"embeddable":true,"href":"https:\/\/nilbilisim.com.tr\/magaza\/wp-json\/wp\/v2\/comments?post=1181"}],"wp:featuredmedia":[{"embeddable":true,"href":"https:\/\/nilbilisim.com.tr\/magaza\/wp-json\/wp\/v2\/media\/1182"}],"wp:attachment":[{"href":"https:\/\/nilbilisim.com.tr\/magaza\/wp-json\/wp\/v2\/media?parent=1181"}],"curies":[{"name":"wp","href":"https:\/\/api.w.org\/{rel}","templated":true}]}}