{"id":459,"date":"2021-01-18T19:51:18","date_gmt":"2021-01-18T19:51:18","guid":{"rendered":"https:\/\/nilbilisim.com.tr\/magaza\/urun\/dahua-hac-hfw1200rp-z-ire6-2mp-hdcvi-ir-bullet-kamera\/"},"modified":"2024-07-01T01:41:26","modified_gmt":"2024-06-30T22:41:26","slug":"dahua-hac-hfw1200rp-z-ire6-2mp-hdcvi-ir-bullet-kamera","status":"publish","type":"product","link":"https:\/\/nilbilisim.com.tr\/magaza\/urun\/dahua-hac-hfw1200rp-z-ire6-2mp-hdcvi-ir-bullet-kamera\/","title":{"rendered":"Dahua HAC-HFW1200RP-Z-IRE6 2MP HDCVI IR Bullet Kamera"},"content":{"rendered":"<table>\n<tbody>\n<tr>\n<td width=\"25%\">G&ouml;r&uuml;nt&uuml; Sens&ouml;r&uuml;<\/td>\n<td>1\/2.7&rdquo; CMOS<\/td>\n<\/tr>\n<tr>\n<td width=\"25%\">Kasa Tipi<\/td>\n<td>Bullet<\/td>\n<\/tr>\n<tr>\n<td width=\"25%\">Kasa Maddesi<\/td>\n<td>Al&uuml;minyum<\/td>\n<\/tr>\n<tr>\n<td width=\"25%\">Lens<\/td>\n<td>2.7-12mm Motorize Lens<\/td>\n<\/tr>\n<tr>\n<td width=\"25%\">&Ccedil;&ouml;z&uuml;n&uuml;rl&uuml;k<\/td>\n<td>1920&#215;1080<\/td>\n<\/tr>\n<tr>\n<td width=\"25%\">IR &Ccedil;al\u0131\u015fma Mesafesi<\/td>\n<td>Array Led ile 60m<\/td>\n<\/tr>\n<tr>\n<td width=\"25%\">Led Say\u0131s\u0131<\/td>\n<td>4<\/td>\n<\/tr>\n<tr>\n<td width=\"25%\">Day&amp;Night Modu<\/td>\n<td>Mekanik IR-Cut Filtre<\/td>\n<\/tr>\n<tr>\n<td width=\"25%\">Kamera Modu<\/td>\n<td>HDCVI<\/td>\n<\/tr>\n<tr>\n<td width=\"25%\">G&ouml;r&uuml;nt&uuml; Ayarlar\u0131<\/td>\n<td>BLC, HLC, AGC, AWB, 2DNR<\/td>\n<\/tr>\n<tr>\n<td width=\"25%\">WDR<\/td>\n<td>DWDR<\/td>\n<\/tr>\n<tr>\n<td width=\"25%\">S\/N Oran\u0131<\/td>\n<td>&gt;65dB<\/td>\n<\/tr>\n<tr>\n<td width=\"25%\">Frame Rate<\/td>\n<td>25\/30fps@1080P, 25\/30\/50\/60fps@720P<\/td>\n<\/tr>\n<tr>\n<td width=\"25%\">Ses Deste\u011fi<\/td>\n<td>Yok<\/td>\n<\/tr>\n<tr>\n<td width=\"25%\">Koruma Standartlar\u0131<\/td>\n<td>IP67<\/td>\n<\/tr>\n<tr>\n<td width=\"25%\">Besleme Gerilimi<\/td>\n<td>12V DC<\/td>\n<\/tr>\n<tr>\n<td width=\"25%\">Ak\u0131m<\/td>\n<td>Maks. 12,1W<\/td>\n<\/tr>\n<tr>\n<td width=\"25%\">&Ccedil;al\u0131\u015fma S\u0131cakl\u0131\u011f\u0131<\/td>\n<td>-30&deg;C ile +60&deg;C<\/td>\n<\/tr>\n<tr>\n<td width=\"25%\">Boyut<\/td>\n<td>213mm&times;90.4mm&times;90.4mm<\/td>\n<\/tr>\n<tr>\n<td width=\"25%\">A\u011f\u0131rl\u0131k<\/td>\n<td>0.55kg<\/td>\n<\/tr>\n<\/tbody>\n<\/table>\n<table border=\"1\" cellpadding=\"5\" cellspacing=\"1\" id=\"table-1\">\n<tbody>\n<tr>\n<td colspan=\"2\"><strong>Dahua HAC-HFW1200RP-Z-IRE6 Teknik &Ouml;zellikleri<\/strong><\/td>\n<\/tr>\n<tr>\n<td colspan=\"2\"><strong>Kamera<\/strong><\/td>\n<\/tr>\n<tr>\n<td>G&ouml;r&uuml;nt&uuml; Sens&ouml;r&uuml;<\/td>\n<td>1 \/ 2.7 &ldquo;CMOS<\/td>\n<\/tr>\n<tr>\n<td>Efektif Piksel<\/td>\n<td>1920 (H) &times; 1080 (V), 2MP<\/td>\n<\/tr>\n<tr>\n<td>Tarama Sistemi<\/td>\n<td>Progresif<\/td>\n<\/tr>\n<tr>\n<td>Elektronik Shutter H\u0131z\u0131<\/td>\n<td>PAL: 1\/25 ~ 1 \/ 100000s<\/p>\n<p>&nbsp;<\/p>\n<p>NTSC: 1\/30 ~ 1 \/ 100000s<\/p>\n<\/td>\n<\/tr>\n<tr>\n<td>Minimum Ayd\u0131nlatma<\/td>\n<td>0.02Lux \/ F1.8, 30IRE, 0Lux IR<\/td>\n<\/tr>\n<tr>\n<td>S \/ N Oran\u0131<\/td>\n<td>65dB&rsquo;dan fazla<\/td>\n<\/tr>\n<tr>\n<td>IR Mesafesi<\/td>\n<td>60m&rsquo;ye kadar (197feet)<\/td>\n<\/tr>\n<tr>\n<td>IR A&ccedil;\u0131k \/ Kapal\u0131 Kontrol<\/td>\n<td>Otomatik \/ Manuel<\/td>\n<\/tr>\n<tr>\n<td>IR LED<\/td>\n<td>4<\/td>\n<\/tr>\n<tr>\n<td colspan=\"2\"><strong>Lens<\/strong><\/td>\n<\/tr>\n<tr>\n<td>Lens Tipi<\/td>\n<td>Motorlu lens \/ Sabit iris<\/td>\n<\/tr>\n<tr>\n<td>Montaj Tipi<\/td>\n<td>Board-in<\/td>\n<\/tr>\n<tr>\n<td>Odak Uzakl\u0131\u011f\u0131<\/td>\n<td>2.7-12mm<\/td>\n<\/tr>\n<tr>\n<td>Maks. A&ccedil;\u0131kl\u0131k<\/td>\n<td>F1.8<\/td>\n<\/tr>\n<tr>\n<td>G&ouml;r&uuml;\u015f A&ccedil;\u0131s\u0131<\/td>\n<td>H: 105.9 &deg; ~ 33.4 &deg;<\/td>\n<\/tr>\n<tr>\n<td>Netlik Ayar\u0131<\/td>\n<td>Motorlu<\/td>\n<\/tr>\n<tr>\n<td>Otomatik Odaklama<\/td>\n<td>&ndash;<\/td>\n<\/tr>\n<tr>\n<td>Yak\u0131n Odak Mesafesi<\/td>\n<td>200mm<\/p>\n<p>&nbsp;<\/p>\n<p>7.87 &rdquo;<\/p>\n<\/td>\n<\/tr>\n<tr>\n<td><strong>Pan \/ Tilt \/ D&ouml;nd&uuml;rme<\/strong><\/td>\n<td>&nbsp;<\/td>\n<\/tr>\n<tr>\n<td>Pan \/ Tilt \/ D&ouml;nd&uuml;rme<\/td>\n<td>Soldan sa\u011fa: 0 &deg; ~ 360 &deg;; yukardan a\u015fa\u011f\u0131 0 &deg; ~ 87 &deg;; D&ouml;nd&uuml;rme: 0 &deg; ~ 360 &deg; 3 Eksenli (3 Axis) y&ouml;n ayar\u0131 ve istenildi\u011fi gibi ayarlanabilme<\/td>\n<\/tr>\n<tr>\n<td colspan=\"2\"><strong>Video<\/strong><\/td>\n<\/tr>\n<tr>\n<td>&Ccedil;&ouml;z&uuml;n&uuml;rl&uuml;k<\/td>\n<td>1080P (1920 &times; 1080)<\/td>\n<\/tr>\n<tr>\n<td>Frame Oran\u0131<\/td>\n<td>25\/30fps@1080P, 25\/30\/50\/60fps@720P<\/td>\n<\/tr>\n<tr>\n<td>Video &Ccedil;\u0131k\u0131\u015f\u0131<\/td>\n<td>1-kanal BNC y&uuml;ksek &ccedil;&ouml;z&uuml;n&uuml;rl&uuml;kl&uuml; video &ccedil;\u0131k\u0131\u015f\u0131 \/ CVBS video &ccedil;\u0131k\u0131\u015f\u0131 (ge&ccedil;i\u015f yapabilir)<\/td>\n<\/tr>\n<tr>\n<td>G&uuml;nd&uuml;z \/ Gece<\/td>\n<td>Otomatik (ICR) \/ Manuel<\/td>\n<\/tr>\n<tr>\n<td>OSD Men&uuml;<\/td>\n<td>&Ccedil;oklu dil<\/td>\n<\/tr>\n<tr>\n<td>BLC Modu<\/td>\n<td>BLC \/ HLC \/ DWDR<\/td>\n<\/tr>\n<tr>\n<td>WDR<\/td>\n<td>DWDR<\/td>\n<\/tr>\n<tr>\n<td>Kazan&ccedil; Kontrol&uuml;<\/td>\n<td>AGC<\/td>\n<\/tr>\n<tr>\n<td>Parazit Azaltma<\/td>\n<td>2D<\/td>\n<\/tr>\n<tr>\n<td>Beyaz Dengesi<\/td>\n<td>Otomatik \/ Manuel<\/td>\n<\/tr>\n<tr>\n<td>Ak\u0131ll\u0131 IR<\/td>\n<td>Otomatik \/ Manuel<\/td>\n<\/tr>\n<tr>\n<td><strong>Sertifikalar<\/strong><\/td>\n<td>&nbsp;<\/td>\n<\/tr>\n<tr>\n<td>Sertifikalar<\/td>\n<td>CE (EN55032, EN55024, EN50130-4)<\/p>\n<p>&nbsp;<\/p>\n<p>FCC (CFR 47 FCC B&ouml;l&uuml;m 15 alt b&ouml;l&uuml;m B, ANSI C63.4-2014)<\/p>\n<p>UL (UL60950-1 + CAN \/ CSA C22.2 No.60950-1)<\/p>\n<\/td>\n<\/tr>\n<\/tbody>\n<\/table>\n<table border=\"1\" cellpadding=\"5\" cellspacing=\"1\" id=\"table-2\">\n<tbody>\n<tr>\n<td colspan=\"2\"><strong>Aray&uuml;z<\/strong><\/td>\n<\/tr>\n<tr>\n<td>Ses Aray&uuml;z&uuml;<\/td>\n<td>&ndash;<\/td>\n<\/tr>\n<tr>\n<td colspan=\"2\"><strong>G&uuml;&ccedil;<\/strong><\/td>\n<\/tr>\n<tr>\n<td>G&uuml;&ccedil; Kayna\u011f\u0131<\/td>\n<td>12V DC &plusmn;% 30<\/td>\n<\/tr>\n<tr>\n<td>G&uuml;&ccedil; T&uuml;ketimi<\/td>\n<td>Maks. 12,1 W (12V DC, IR)<\/td>\n<\/tr>\n<tr>\n<td colspan=\"2\"><strong>&Ccedil;evre Ko\u015fullar\u0131<\/strong><\/td>\n<\/tr>\n<tr>\n<td>&Ccedil;al\u0131\u015fma Ko\u015fullar\u0131<\/td>\n<td>-30 &deg; C ~ + 60 &deg; C (-22 &deg; F ~ + 140 &deg; F) \/% 95&rsquo;ten az RH<\/p>\n<p>&nbsp;<\/p>\n<p>* Ba\u015flatma -30 &deg; C&rsquo;nin (-22 &deg; F) &uuml;zerinde yap\u0131lmal\u0131d\u0131r.<\/p>\n<\/td>\n<\/tr>\n<tr>\n<td>Dayan\u0131kl\u0131l\u0131k Ko\u015fullar\u0131<\/td>\n<td>-30 &deg; C ~ + 60 &deg; C (-22 &deg; F ~ + 140 &deg; F) \/% 95&rsquo;ten az RH<\/td>\n<\/tr>\n<tr>\n<td>Koruma ve Dayan\u0131kl\u0131l\u0131k Sertifikas\u0131<\/td>\n<td>IP67<\/td>\n<\/tr>\n<tr>\n<td colspan=\"2\"><strong>Kasa<\/strong><\/td>\n<\/tr>\n<tr>\n<td>Kasa<\/td>\n<td>Al&uuml;minyum<\/td>\n<\/tr>\n<tr>\n<td>Boyutlar<\/td>\n<td>213,0mm x 90,4mm x 90,4mm<\/td>\n<\/tr>\n<tr>\n<td>Net A\u011f\u0131rl\u0131k<\/td>\n<td>0,55 kg<\/td>\n<\/tr>\n<\/tbody>\n<\/table>\n<p>&nbsp;<\/p>\n<p><img loading=\"lazy\" alt=\"\" height=\"210\" sizes=\"(max-width: 500px) 100vw, 500px\" src=\"https:\/\/www.okisan.com\/wp-content\/uploads\/2020\/01\/boyutlar-1-500x210.png\" srcset=\"https:\/\/www.okisan.com\/wp-content\/uploads\/2020\/01\/boyutlar-1-120x50.png 120w, https:\/\/www.okisan.com\/wp-content\/uploads\/2020\/01\/boyutlar-1-150x63.png 150w, https:\/\/www.okisan.com\/wp-content\/uploads\/2020\/01\/boyutlar-1-200x84.png 200w, https:\/\/www.okisan.com\/wp-content\/uploads\/2020\/01\/boyutlar-1-300x126.png 300w, https:\/\/www.okisan.com\/wp-content\/uploads\/2020\/01\/boyutlar-1-400x168.png 400w, https:\/\/www.okisan.com\/wp-content\/uploads\/2020\/01\/boyutlar-1-500x210.png 500w, https:\/\/www.okisan.com\/wp-content\/uploads\/2020\/01\/boyutlar-1-600x252.png 600w, https:\/\/www.okisan.com\/wp-content\/uploads\/2020\/01\/boyutlar-1.png 649w\" width=\"500\" \/><img loading=\"lazy\" alt=\"\" height=\"420\" sizes=\"(max-width: 500px) 100vw, 500px\" src=\"https:\/\/www.okisan.com\/wp-content\/uploads\/2020\/01\/aksesuarlar-1-500x420.png\" srcset=\"https:\/\/www.okisan.com\/wp-content\/uploads\/2020\/01\/aksesuarlar-1-120x101.png 120w, https:\/\/www.okisan.com\/wp-content\/uploads\/2020\/01\/aksesuarlar-1-150x126.png 150w, https:\/\/www.okisan.com\/wp-content\/uploads\/2020\/01\/aksesuarlar-1-200x168.png 200w, https:\/\/www.okisan.com\/wp-content\/uploads\/2020\/01\/aksesuarlar-1-300x252.png 300w, https:\/\/www.okisan.com\/wp-content\/uploads\/2020\/01\/aksesuarlar-1-400x336.png 400w, https:\/\/www.okisan.com\/wp-content\/uploads\/2020\/01\/aksesuarlar-1-500x420.png 500w, https:\/\/www.okisan.com\/wp-content\/uploads\/2020\/01\/aksesuarlar-1.png 565w\" width=\"500\" \/><\/p>\n","protected":false},"excerpt":{"rendered":"<p>G&ouml;r&uuml;nt&uuml; Sens&ouml;r&uuml; 1\/2.7&rdquo; CMOS Kasa Tipi Bullet Kasa Maddesi Al&uuml;minyum Lens 2.7-12mm Motorize Lens &Ccedil;&ouml;z&uuml;n&uuml;rl&uuml;k 1920&#215;1080 IR &Ccedil;al\u0131\u015fma Mesafesi Array Led ile 60m Led Say\u0131s\u0131 4 Day&amp;Night Modu Mekanik IR-Cut Filtre Kamera Modu HDCVI G&ouml;r&uuml;nt&uuml; Ayarlar\u0131 BLC, HLC, AGC, AWB, 2DNR WDR DWDR S\/N Oran\u0131 &gt;65dB Frame Rate 25\/30fps@1080P, 25\/30\/50\/60fps@720P Ses Deste\u011fi Yok Koruma Standartlar\u0131 [&#8230;]\n","protected":false},"featured_media":460,"comment_status":"closed","ping_status":"closed","template":"","meta":[],"_links":{"self":[{"href":"https:\/\/nilbilisim.com.tr\/magaza\/wp-json\/wp\/v2\/product\/459"}],"collection":[{"href":"https:\/\/nilbilisim.com.tr\/magaza\/wp-json\/wp\/v2\/product"}],"about":[{"href":"https:\/\/nilbilisim.com.tr\/magaza\/wp-json\/wp\/v2\/types\/product"}],"replies":[{"embeddable":true,"href":"https:\/\/nilbilisim.com.tr\/magaza\/wp-json\/wp\/v2\/comments?post=459"}],"wp:featuredmedia":[{"embeddable":true,"href":"https:\/\/nilbilisim.com.tr\/magaza\/wp-json\/wp\/v2\/media\/460"}],"wp:attachment":[{"href":"https:\/\/nilbilisim.com.tr\/magaza\/wp-json\/wp\/v2\/media?parent=459"}],"curies":[{"name":"wp","href":"https:\/\/api.w.org\/{rel}","templated":true}]}}