{"id":479,"date":"2021-01-18T19:53:15","date_gmt":"2021-01-18T19:53:15","guid":{"rendered":"https:\/\/nilbilisim.com.tr\/magaza\/urun\/dahua-hac-hum1220a-0280b-pir-2mp-hdcvi-motioneie-kamera\/"},"modified":"2024-07-01T01:41:22","modified_gmt":"2024-06-30T22:41:22","slug":"dahua-hac-hum1220a-0280b-pir-2mp-hdcvi-motioneie-kamera","status":"publish","type":"product","link":"https:\/\/nilbilisim.com.tr\/magaza\/urun\/dahua-hac-hum1220a-0280b-pir-2mp-hdcvi-motioneie-kamera\/","title":{"rendered":"Dahua HAC-HUM1220A-0280B-PIR 2MP HDCVI MotionEye Kamera"},"content":{"rendered":"<ul>\n<li>Max 30fps@1080P<\/li>\n<li>HD ve SD &ccedil;\u0131k\u0131\u015f de\u011fi\u015ftirilebilir<\/li>\n<li>2.8mm sabit lens<\/li>\n<li>12m \/ 100 &deg; tespit aral\u0131\u011f\u0131 \/ a&ccedil;\u0131<\/li>\n<li>\u0130ki seviyeli alg\u0131lama hassasiyeti ayarlanabilir<\/li>\n<li>Dahili sabotaj anahtar\u0131<\/li>\n<li>DC12V<\/li>\n<\/ul>\n<table border=\"1\" cellpadding=\"5\" cellspacing=\"1\" id=\"table001\">\n<tbody>\n<tr>\n<td colspan=\"2\"><strong>Dahua HAC-HUM1220A-0280B-PIR Teknik &Ouml;zellikleri<\/strong><\/td>\n<\/tr>\n<tr>\n<td colspan=\"2\"><strong>Kamera<\/strong><\/td>\n<\/tr>\n<tr>\n<td>G&ouml;r&uuml;nt&uuml; Sens&ouml;r&uuml;<\/td>\n<td>1 \/ 2.9 &ldquo;CMOS<\/td>\n<\/tr>\n<tr>\n<td>Efektif Piksel<\/td>\n<td>1920 (H) &times; 1080 (V), 2MP<\/td>\n<\/tr>\n<tr>\n<td>Tarama Sistemi<\/td>\n<td>Progresif<\/td>\n<\/tr>\n<tr>\n<td>Elektronik Shutter H\u0131z\u0131<\/td>\n<td>PAL: 1\/25 ~ 1 \/ 100000s<\/p>\n<p>&nbsp;<\/p>\n<p>NTSC: 1\/30 ~ 1 \/ 100000s<\/p>\n<\/td>\n<\/tr>\n<tr>\n<td>Minimum Ayd\u0131nlatma<\/td>\n<td>0.02Lux \/ F2.0 (Renkli), 0.002Lux \/ F2.0 (S \/ B)<\/td>\n<\/tr>\n<tr>\n<td>S \/ N Oran\u0131<\/td>\n<td>65dB&rsquo;den fazla<\/td>\n<\/tr>\n<tr>\n<td colspan=\"2\"><strong>Lens<\/strong><\/td>\n<\/tr>\n<tr>\n<td>Lens Tipi<\/td>\n<td>Sabit lens \/ Sabit iris<\/td>\n<\/tr>\n<tr>\n<td>Montaj Tipi<\/td>\n<td>Board-in<\/td>\n<\/tr>\n<tr>\n<td>Odak Uzakl\u0131\u011f\u0131<\/td>\n<td>2.8mm<\/td>\n<\/tr>\n<tr>\n<td>Maks. A&ccedil;\u0131kl\u0131k<\/td>\n<td>F2.0<\/td>\n<\/tr>\n<tr>\n<td>G&ouml;r&uuml;\u015f A&ccedil;\u0131s\u0131<\/td>\n<td>H: 100.5 &deg;<\/td>\n<\/tr>\n<tr>\n<td>Netlik Ayar\u0131<\/td>\n<td>&ndash;<\/td>\n<\/tr>\n<tr>\n<td>Yak\u0131n Odak Mesafesi<\/td>\n<td>500mm<\/p>\n<p>&nbsp;<\/p>\n<p>19.7<\/p>\n<\/td>\n<\/tr>\n<tr>\n<td colspan=\"2\"><strong>Video<\/strong><\/td>\n<\/tr>\n<tr>\n<td>&Ccedil;&ouml;z&uuml;n&uuml;rl&uuml;k<\/td>\n<td>1080P (1920 &times; 1080)<\/td>\n<\/tr>\n<tr>\n<td>Frame Oran\u0131<\/td>\n<td>25 \/ 30fps @ 1080P, 25\/30\/50 \/ 60fps @ 720P<\/td>\n<\/tr>\n<tr>\n<td>Video &Ccedil;\u0131k\u0131\u015f\u0131<\/td>\n<td>1 kanal BNC y&uuml;ksek tan\u0131ml\u0131 video &ccedil;\u0131k\u0131\u015f\u0131 \/ CVBS video &ccedil;\u0131k\u0131\u015f\u0131<\/td>\n<\/tr>\n<tr>\n<td>G&uuml;nd&uuml;z \/ Gece<\/td>\n<td>Otomatik (Elektronik) \/ Manuel<\/td>\n<\/tr>\n<tr>\n<td>OSD Men&uuml;<\/td>\n<td>&Ccedil;oklu dil<\/td>\n<\/tr>\n<tr>\n<td>BLC Modu<\/td>\n<td>BLC \/ HLC \/ DWDR<\/td>\n<\/tr>\n<tr>\n<td>WDR<\/td>\n<td>DWDR<\/td>\n<\/tr>\n<tr>\n<td>Kazan&ccedil; Kontrol&uuml;<\/td>\n<td>AGC<\/td>\n<\/tr>\n<tr>\n<td>Parazit Azaltma<\/td>\n<td>2D<\/td>\n<\/tr>\n<tr>\n<td>Beyaz Dengesi<\/td>\n<td>Otomatik \/ Manuel<\/td>\n<\/tr>\n<tr>\n<td colspan=\"2\"><strong>PIR<\/strong><\/td>\n<\/tr>\n<tr>\n<td>Dedekt&ouml;r<\/td>\n<td>Pasif K\u0131z\u0131l&ouml;tesi<\/td>\n<\/tr>\n<tr>\n<td>Alg\u0131lama Aral\u0131\u011f\u0131<\/td>\n<td>12mx12m, 100 &deg;, 19zones<\/td>\n<\/tr>\n<tr>\n<td>Alarm Sistemi<\/td>\n<td>K\u0131rm\u0131z\u0131 led kapatmak i&ccedil;in ayarlanabilir<\/td>\n<\/tr>\n<tr>\n<td>Duyarl\u0131l\u0131k<\/td>\n<td>\u0130ki seviyeli (Jumper)<\/td>\n<\/tr>\n<tr>\n<td>PIR A\u011f\u0131rl\u0131k<\/td>\n<td>&le;18Kg<\/td>\n<\/tr>\n<tr>\n<td>I\u015f\u0131k Direnci<\/td>\n<td>6500LUX<\/td>\n<\/tr>\n<tr>\n<td>Montaj Y&uuml;ksekli\u011fi<\/td>\n<td>Varsay\u0131lan aparat\u0131, duvara montaj, 2.2-2.5m<\/td>\n<\/tr>\n<tr>\n<td><strong>Sertifikalar<\/strong><\/td>\n<td>&nbsp;<\/td>\n<\/tr>\n<tr>\n<td>Sertifikalar<\/td>\n<td>CE (EN55032, EN55024, EN50130-4)<\/p>\n<p>&nbsp;<\/p>\n<p>FCC (CFR 47 FCC B&ouml;l&uuml;m 15 alt b&ouml;l&uuml;m B, ANSI C63.4-2014)<\/p>\n<p>UL (UL60950-1 + CAN \/ CSA C22.2 No.60950-1)<\/p>\n<\/td>\n<\/tr>\n<\/tbody>\n<\/table>\n<table border=\"1\" cellpadding=\"5\" cellspacing=\"1\" id=\"table002\">\n<tbody>\n<tr>\n<td colspan=\"2\"><strong>Aray&uuml;z<\/strong><\/td>\n<\/tr>\n<tr>\n<td>Ses Arabirimi<\/td>\n<td>&ndash;<\/td>\n<\/tr>\n<tr>\n<td colspan=\"2\"><strong>G&uuml;&ccedil;<\/strong><\/td>\n<\/tr>\n<tr>\n<td>G&uuml;&ccedil; Kayna\u011f\u0131<\/td>\n<td>12V DC &plusmn;% 25<\/td>\n<\/tr>\n<tr>\n<td>G&uuml;&ccedil; T&uuml;ketimi<\/td>\n<td>Maks. 0.7W (12VDC, IR)<\/td>\n<\/tr>\n<tr>\n<td colspan=\"2\"><strong>&Ccedil;al\u0131\u015fma \u015eartlar\u0131<\/strong><\/td>\n<\/tr>\n<tr>\n<td>&Ccedil;al\u0131\u015fma Ko\u015fullar\u0131<\/td>\n<td>-10 &deg; C ~ + 50 &deg; C (14 &deg; F ~ + 122 &deg; F) \/ az% 90 RH<\/td>\n<\/tr>\n<tr>\n<td>Dayan\u0131kl\u0131l\u0131k Ko\u015fullar\u0131<\/td>\n<td>-10 &deg; C ~ + 50 &deg; C (14 &deg; F ~ + 122 &deg; F) \/ az% 90 RH<\/td>\n<\/tr>\n<tr>\n<td>Koruma Sertifikas\u0131 ve Darbeye Dayan\u0131kl\u0131l\u0131k<\/td>\n<td>&ndash;<\/td>\n<\/tr>\n<tr>\n<td colspan=\"2\"><strong>Kasa<\/strong><\/td>\n<\/tr>\n<tr>\n<td>Kasa<\/td>\n<td>Plastik<\/td>\n<\/tr>\n<tr>\n<td>Boyutlar<\/td>\n<td>120mm x 62mm x 58mm<\/td>\n<\/tr>\n<tr>\n<td>Net A\u011f\u0131rl\u0131k<\/td>\n<td>0.13kg<\/td>\n<\/tr>\n<\/tbody>\n<\/table>\n<p><img loading=\"lazy\" alt=\"\" height=\"200\" sizes=\"(max-width: 500px) 100vw, 500px\" src=\"https:\/\/www.okisan.com\/wp-content\/uploads\/2016\/12\/HAC-HUM1220A-PIR-Boyut-1-500x200.jpg\" srcset=\"https:\/\/www.okisan.com\/wp-content\/uploads\/2016\/12\/HAC-HUM1220A-PIR-Boyut-1-120x48.jpg 120w, https:\/\/www.okisan.com\/wp-content\/uploads\/2016\/12\/HAC-HUM1220A-PIR-Boyut-1-150x60.jpg 150w, https:\/\/www.okisan.com\/wp-content\/uploads\/2016\/12\/HAC-HUM1220A-PIR-Boyut-1-200x80.jpg 200w, https:\/\/www.okisan.com\/wp-content\/uploads\/2016\/12\/HAC-HUM1220A-PIR-Boyut-1-300x120.jpg 300w, https:\/\/www.okisan.com\/wp-content\/uploads\/2016\/12\/HAC-HUM1220A-PIR-Boyut-1-400x160.jpg 400w, https:\/\/www.okisan.com\/wp-content\/uploads\/2016\/12\/HAC-HUM1220A-PIR-Boyut-1-500x200.jpg 500w, https:\/\/www.okisan.com\/wp-content\/uploads\/2016\/12\/HAC-HUM1220A-PIR-Boyut-1.jpg 599w\" width=\"500\" \/><img loading=\"lazy\" alt=\"\" height=\"413\" sizes=\"(max-width: 500px) 100vw, 500px\" src=\"https:\/\/www.okisan.com\/wp-content\/uploads\/2016\/12\/HAC-HUM1220A-PIR-1-500x413.jpg\" srcset=\"https:\/\/www.okisan.com\/wp-content\/uploads\/2016\/12\/HAC-HUM1220A-PIR-1-120x99.jpg 120w, https:\/\/www.okisan.com\/wp-content\/uploads\/2016\/12\/HAC-HUM1220A-PIR-1-150x124.jpg 150w, https:\/\/www.okisan.com\/wp-content\/uploads\/2016\/12\/HAC-HUM1220A-PIR-1-200x165.jpg 200w, https:\/\/www.okisan.com\/wp-content\/uploads\/2016\/12\/HAC-HUM1220A-PIR-1-300x248.jpg 300w, https:\/\/www.okisan.com\/wp-content\/uploads\/2016\/12\/HAC-HUM1220A-PIR-1-400x330.jpg 400w, https:\/\/www.okisan.com\/wp-content\/uploads\/2016\/12\/HAC-HUM1220A-PIR-1-500x413.jpg 500w, https:\/\/www.okisan.com\/wp-content\/uploads\/2016\/12\/HAC-HUM1220A-PIR-1.jpg 562w\" width=\"500\" \/><\/p>\n","protected":false},"excerpt":{"rendered":"<p>Max 30fps@1080P HD ve SD &ccedil;\u0131k\u0131\u015f de\u011fi\u015ftirilebilir 2.8mm sabit lens 12m \/ 100 &deg; tespit aral\u0131\u011f\u0131 \/ a&ccedil;\u0131 \u0130ki seviyeli alg\u0131lama hassasiyeti ayarlanabilir Dahili sabotaj anahtar\u0131 DC12V Dahua HAC-HUM1220A-0280B-PIR Teknik &Ouml;zellikleri Kamera G&ouml;r&uuml;nt&uuml; Sens&ouml;r&uuml; 1 \/ 2.9 &ldquo;CMOS Efektif Piksel 1920 (H) &times; 1080 (V), 2MP Tarama Sistemi Progresif Elektronik Shutter H\u0131z\u0131 PAL: 1\/25 ~ [&#8230;]\n","protected":false},"featured_media":480,"comment_status":"closed","ping_status":"closed","template":"","meta":[],"_links":{"self":[{"href":"https:\/\/nilbilisim.com.tr\/magaza\/wp-json\/wp\/v2\/product\/479"}],"collection":[{"href":"https:\/\/nilbilisim.com.tr\/magaza\/wp-json\/wp\/v2\/product"}],"about":[{"href":"https:\/\/nilbilisim.com.tr\/magaza\/wp-json\/wp\/v2\/types\/product"}],"replies":[{"embeddable":true,"href":"https:\/\/nilbilisim.com.tr\/magaza\/wp-json\/wp\/v2\/comments?post=479"}],"wp:featuredmedia":[{"embeddable":true,"href":"https:\/\/nilbilisim.com.tr\/magaza\/wp-json\/wp\/v2\/media\/480"}],"wp:attachment":[{"href":"https:\/\/nilbilisim.com.tr\/magaza\/wp-json\/wp\/v2\/media?parent=479"}],"curies":[{"name":"wp","href":"https:\/\/api.w.org\/{rel}","templated":true}]}}