{"id":505,"date":"2021-01-18T19:53:56","date_gmt":"2021-01-18T19:53:56","guid":{"rendered":"https:\/\/nilbilisim.com.tr\/magaza\/urun\/dahua-ipc-hfw1220mp-s-i2-2mp-hd-network-ir-bullet-kamera\/"},"modified":"2024-07-01T01:41:18","modified_gmt":"2024-06-30T22:41:18","slug":"dahua-ipc-hfw1220mp-s-i2-2mp-hd-network-ir-bullet-kamera","status":"publish","type":"product","link":"https:\/\/nilbilisim.com.tr\/magaza\/urun\/dahua-ipc-hfw1220mp-s-i2-2mp-hd-network-ir-bullet-kamera\/","title":{"rendered":"Dahua IPC-HFW1220MP-S-I2 2MP HD Network IR Bullet Kamera"},"content":{"rendered":"<ul>\n<li>1\/2.8&rdquo; 2Megapiksel progresif tarama CMOS<\/li>\n<li>H.264, H.264H, H.264B, MJPEG codec, &ccedil;ift kod &ccedil;&ouml;z&uuml;c&uuml; mevcut<\/li>\n<li>Maks. 25\/30fps@2M(1920&times;1080)<\/li>\n<li>ROI mevcut<\/li>\n<li>DWDR, Gece\/G&uuml;nd&uuml;z(ICR), 3DNR, HLC, BLC<\/li>\n<li>&Ccedil;oklu network izleme: Web g&ouml;r&uuml;nt&uuml;leyici, CMS (DSS \/ PSS) ve DMSS<\/li>\n<li>3.6mm sabit lens (6mm opsiyonel)<\/li>\n<li>Maks.&nbsp;IR LED&rsquo;leri Uzunlu\u011fu 30m (6mm sabit lens 50m&rsquo;ye kadar)<\/li>\n<li>Micro SD bellek, IP67, PoE<\/li>\n<\/ul>\n<table border=\"1\" cellpadding=\"5\" cellspacing=\"1\" id=\"table-1\">\n<tbody>\n<tr>\n<td colspan=\"2\"><strong>Dahua IPC-HFW1220MP-S-I2 Teknik &Ouml;zellikleri<\/strong><\/td>\n<\/tr>\n<tr>\n<td colspan=\"2\"><strong>Kamera<\/strong><\/td>\n<\/tr>\n<tr>\n<td>G&ouml;r&uuml;nt&uuml; Sens&ouml;r&uuml;<\/td>\n<td>1\/2.8&rdquo; 2Megapiksel progresif tarama CMOS<\/td>\n<\/tr>\n<tr>\n<td>Efektif Piksel<\/td>\n<td>1920(H)x1080(V)<\/td>\n<\/tr>\n<tr>\n<td>Tarama Sistemi<\/td>\n<td>Progresif<\/td>\n<\/tr>\n<tr>\n<td>Elektronik Shutter H\u0131z\u0131<\/td>\n<td>Otomatik\/Manuel, 1\/3~1\/100000s<\/td>\n<\/tr>\n<tr>\n<td>Minimum Ayd\u0131nlatma<\/td>\n<td>0.08Lux\/F1.6(Renkli), 0.10Lux\/F1.6 (Siyah&amp;Beyaz),0Lux\/F1.6(IR)<\/td>\n<\/tr>\n<tr>\n<td>S \/ N Oran\u0131<\/td>\n<td>56dB&rsquo;dan fazla<\/td>\n<\/tr>\n<tr>\n<td><strong>Kamera &Ouml;zellikleri<\/strong><\/td>\n<td>&nbsp;<\/td>\n<\/tr>\n<tr>\n<td>IR LED&rsquo;leri Say\u0131s\u0131<\/td>\n<td>2 adet<\/td>\n<\/tr>\n<tr>\n<td>Maks. IR LED&rsquo;leri Uzunlu\u011fu<\/td>\n<td>30m&rsquo;ye kadar 3.6mm lens (6mm lens, 50m&rsquo;ye kadar)<\/td>\n<\/tr>\n<tr>\n<td>Gece \/ G&uuml;nd&uuml;z<\/td>\n<td>Otomatik(ICR)\/Renkli\/B\/W<\/td>\n<\/tr>\n<tr>\n<td>Arka I\u015f\u0131k Telafisi<\/td>\n<td>BLC \/ HLC \/DWDR<\/td>\n<\/tr>\n<tr>\n<td>Beyaz Dengesi<\/td>\n<td>Otomatik\/Manuel<\/td>\n<\/tr>\n<tr>\n<td>Kazan&ccedil; Kontrol&uuml;<\/td>\n<td>Otomatik\/Manuel<\/td>\n<\/tr>\n<tr>\n<td>Parazit Azaltma<\/td>\n<td>3D<\/td>\n<\/tr>\n<tr>\n<td>&Ouml;zel Alan Maskelemesi<\/td>\n<td>4 Alana Kadar<\/td>\n<\/tr>\n<tr>\n<td colspan=\"2\"><strong>Lens<\/strong><\/td>\n<\/tr>\n<tr>\n<td>Odak Uzakl\u0131\u011f\u0131<\/td>\n<td>3.6mm (6mm Opsiyonel)<\/td>\n<\/tr>\n<tr>\n<td>Maks. A&ccedil;\u0131kl\u0131k<\/td>\n<td>F1.6<\/td>\n<\/tr>\n<tr>\n<td>Odak Kontrol&uuml;<\/td>\n<td>Manuel<\/td>\n<\/tr>\n<tr>\n<td>G&ouml;r&uuml;\u015f A&ccedil;\u0131s\u0131<\/td>\n<td>3.6mm&nbsp; H:87&deg;&nbsp; V: 46.4&deg;&nbsp; D:103.8&deg;<\/p>\n<p>&nbsp;<\/p>\n<p>6mm&nbsp;&nbsp; H:53&deg;&nbsp; V: 29.7&deg;&nbsp; D:61&deg;<\/p>\n<\/td>\n<\/tr>\n<tr>\n<td>Lens Tipi<\/td>\n<td>Sabit Lens<\/td>\n<\/tr>\n<tr>\n<td>Montaj Tipi<\/td>\n<td>Board-in Type<\/td>\n<\/tr>\n<tr>\n<td colspan=\"2\"><strong>Video<\/strong><\/td>\n<\/tr>\n<tr>\n<td>S\u0131k\u0131\u015ft\u0131rma<\/td>\n<td>H.264\/H.264H\/H.264B\/MJPEG<\/td>\n<\/tr>\n<tr>\n<td>&Ccedil;&ouml;z&uuml;n&uuml;rl&uuml;k<\/td>\n<td>1080P(1920&times;1080)\/1.3M(1280&times;960)\/720P(1280&times; 720)\/D1(704<\/p>\n<p>&nbsp;<\/p>\n<p>&times;576\/704&times;480)\/CIF(352&times; 288\/352&times;240)<\/p>\n<\/td>\n<\/tr>\n<tr>\n<td>Maks. Frame Oran\u0131<\/td>\n<td>1920&times;1080 @ 25\/30fps<\/p>\n<p>&nbsp;<\/p>\n<p>1280&times;960 @ 25\/30fps<\/p>\n<p>1280 x 720 @ 25\/30fps<\/p>\n<p>704&times;576 @ 25\/ 704&times;480 @ 30fps<\/p>\n<p>352&times;288 @ 25\/ 352&#215;240&nbsp; @30fps<\/p>\n<\/td>\n<\/tr>\n<tr>\n<td>Bit Oran\u0131<\/td>\n<td>H.264: 5Kbps~8Mbps<\/p>\n<p>&nbsp;<\/p>\n<p>MJPEG:12Kbps~2Mbps<\/p>\n<\/td>\n<\/tr>\n<tr>\n<td><strong>Network<\/strong><\/td>\n<td>&nbsp;<\/td>\n<\/tr>\n<tr>\n<td>Ethernet<\/td>\n<td>RJ-45 (10\/100Base-T)<\/td>\n<\/tr>\n<tr>\n<td>Protokol<\/td>\n<td>HTTP,TCP,ARP,RTSP,RTP,UDP,SMTP,FTP,DHCP,DNS,DDNS,PPPOE,I<\/p>\n<p>&nbsp;<\/p>\n<p>Pv4\/v6,QoS,UPnP,NTP<\/p>\n<\/td>\n<\/tr>\n<tr>\n<td>ONVIF<\/td>\n<td>ONVIF, CGI<\/td>\n<\/tr>\n<tr>\n<td>Maks.&nbsp;Kullan\u0131c\u0131 Eri\u015fimi<\/td>\n<td>20 Kullan\u0131c\u0131<\/td>\n<\/tr>\n<tr>\n<td>Ak\u0131ll\u0131 Telefon<\/td>\n<td>iPhone, iPad, Android, Windows Phone<\/td>\n<\/tr>\n<\/tbody>\n<\/table>\n<table border=\"1\" cellpadding=\"5\" cellspacing=\"1\" id=\"table-2\">\n<tbody>\n<tr>\n<td colspan=\"2\"><strong>Aray&uuml;z<\/strong><\/td>\n<\/tr>\n<tr>\n<td>Bellek Yuvas\u0131<\/td>\n<td>Micro SD Maks. 128GB<\/td>\n<\/tr>\n<tr>\n<td colspan=\"2\"><strong>G&uuml;&ccedil;<\/strong><\/td>\n<\/tr>\n<tr>\n<td>G&uuml;&ccedil; Kayna\u011f\u0131<\/td>\n<td>DC12V, PoE (802.3af)<\/td>\n<\/tr>\n<tr>\n<td>G&uuml;&ccedil; T&uuml;ketimi<\/td>\n<td>Maks. 6.2W<\/td>\n<\/tr>\n<tr>\n<td colspan=\"2\"><strong>&Ccedil;al\u0131\u015fma Ortam\u0131<\/strong><\/td>\n<\/tr>\n<tr>\n<td>&Ccedil;al\u0131\u015fma Ko\u015fullar\u0131<\/td>\n<td>-40 &deg; C ~ + 60 &deg; C,% 95 RH&rsquo;den az<\/td>\n<\/tr>\n<tr>\n<td>Koruma Sertifikas\u0131<\/td>\n<td>IP67<\/td>\n<\/tr>\n<tr>\n<td>Boyutlar<\/td>\n<td>&Phi;194mm&times;96mm&times;89mm<\/td>\n<\/tr>\n<tr>\n<td>Net A\u011f\u0131rl\u0131k<\/td>\n<td>0.64Kg (paket ile 0.78kg)<\/td>\n<\/tr>\n<\/tbody>\n<\/table>\n<p><img loading=\"lazy\" alt=\"\" height=\"378\" sizes=\"(max-width: 500px) 100vw, 500px\" src=\"https:\/\/www.okisan.com\/wp-content\/uploads\/2017\/05\/IPC-HFW1220M-S-I2-BOYUTLAR-500x378.png\" srcset=\"https:\/\/www.okisan.com\/wp-content\/uploads\/2017\/05\/IPC-HFW1220M-S-I2-BOYUTLAR-120x91.png 120w, https:\/\/www.okisan.com\/wp-content\/uploads\/2017\/05\/IPC-HFW1220M-S-I2-BOYUTLAR-150x113.png 150w, https:\/\/www.okisan.com\/wp-content\/uploads\/2017\/05\/IPC-HFW1220M-S-I2-BOYUTLAR-200x151.png 200w, https:\/\/www.okisan.com\/wp-content\/uploads\/2017\/05\/IPC-HFW1220M-S-I2-BOYUTLAR-300x227.png 300w, https:\/\/www.okisan.com\/wp-content\/uploads\/2017\/05\/IPC-HFW1220M-S-I2-BOYUTLAR-400x302.png 400w, https:\/\/www.okisan.com\/wp-content\/uploads\/2017\/05\/IPC-HFW1220M-S-I2-BOYUTLAR-500x378.png 500w, https:\/\/www.okisan.com\/wp-content\/uploads\/2017\/05\/IPC-HFW1220M-S-I2-BOYUTLAR.jpg 589w\" width=\"500\" \/><\/p>\n","protected":false},"excerpt":{"rendered":"<p>1\/2.8&rdquo; 2Megapiksel progresif tarama CMOS H.264, H.264H, H.264B, MJPEG codec, &ccedil;ift kod &ccedil;&ouml;z&uuml;c&uuml; mevcut Maks. 25\/30fps@2M(1920&times;1080) ROI mevcut DWDR, Gece\/G&uuml;nd&uuml;z(ICR), 3DNR, HLC, BLC &Ccedil;oklu network izleme: Web g&ouml;r&uuml;nt&uuml;leyici, CMS (DSS \/ PSS) ve DMSS 3.6mm sabit lens (6mm opsiyonel) Maks.&nbsp;IR LED&rsquo;leri Uzunlu\u011fu 30m (6mm sabit lens 50m&rsquo;ye kadar) Micro SD bellek, IP67, PoE Dahua IPC-HFW1220MP-S-I2 [&#8230;]\n","protected":false},"featured_media":506,"comment_status":"closed","ping_status":"closed","template":"","meta":[],"_links":{"self":[{"href":"https:\/\/nilbilisim.com.tr\/magaza\/wp-json\/wp\/v2\/product\/505"}],"collection":[{"href":"https:\/\/nilbilisim.com.tr\/magaza\/wp-json\/wp\/v2\/product"}],"about":[{"href":"https:\/\/nilbilisim.com.tr\/magaza\/wp-json\/wp\/v2\/types\/product"}],"replies":[{"embeddable":true,"href":"https:\/\/nilbilisim.com.tr\/magaza\/wp-json\/wp\/v2\/comments?post=505"}],"wp:featuredmedia":[{"embeddable":true,"href":"https:\/\/nilbilisim.com.tr\/magaza\/wp-json\/wp\/v2\/media\/506"}],"wp:attachment":[{"href":"https:\/\/nilbilisim.com.tr\/magaza\/wp-json\/wp\/v2\/media?parent=505"}],"curies":[{"name":"wp","href":"https:\/\/api.w.org\/{rel}","templated":true}]}}