{"id":619,"date":"2021-01-18T20:08:52","date_gmt":"2021-01-18T20:08:52","guid":{"rendered":"https:\/\/nilbilisim.com.tr\/magaza\/urun\/dahua-ipc-hum8231p-e1-2mp-pinhole-network-gizli-kamera-kamera-kutusu\/"},"modified":"2024-07-01T01:42:12","modified_gmt":"2024-06-30T22:42:12","slug":"dahua-ipc-hum8231p-e1-2mp-pinhole-network-gizli-kamera-kamera-kutusu","status":"publish","type":"product","link":"https:\/\/nilbilisim.com.tr\/magaza\/urun\/dahua-ipc-hum8231p-e1-2mp-pinhole-network-gizli-kamera-kamera-kutusu\/","title":{"rendered":"Dahua IPC-HUM8231P-E1 2MP Pinhole Network Gizli Kamera Kamera Kutusu"},"content":{"rendered":"<ul>\n<li>H.265&amp;H.264 &uuml;&ccedil;l&uuml; ak\u0131\u015f kodlama<\/li>\n<li>Ak\u0131ll\u0131 H.265 + \/ H.264 + mevcut<\/li>\n<li>50\/60fps@1080P(1920&times;1080)<\/li>\n<li>G&uuml;nd&uuml;z \/ Gece (Elektronik), WDR, 3DNR, AWB, AGC, BLC<\/li>\n<li>Ak\u0131ll\u0131 alg\u0131lama<\/li>\n<li>Micro SD bellek, PoE<\/li>\n<li>&Ccedil;oklu lens &uuml;nitesi (opsiyonel)<\/li>\n<li>Lens Biriminin birlikte &ccedil;al\u0131\u015fmas\u0131n\u0131 gerektirir.<\/li>\n<\/ul>\n<table border=\"1\" cellpadding=\"5\" cellspacing=\"1\">\n<tbody>\n<tr>\n<td><strong>Model<\/strong><\/td>\n<td colspan=\"1\"><strong>Dahua IPC-HUM8231P-E1 Teknik &Ouml;zellikleri<\/strong><\/td>\n<\/tr>\n<tr>\n<td><strong>Kamera<\/strong><\/td>\n<td colspan=\"1\">&nbsp;<\/td>\n<\/tr>\n<tr>\n<td>RAM \/ ROM<\/td>\n<td colspan=\"1\">512\/32 MB<\/td>\n<\/tr>\n<tr>\n<td>S \/ N Oran\u0131<\/td>\n<td colspan=\"1\">50dB&rsquo;dan fazla<\/td>\n<\/tr>\n<tr>\n<td><strong>Ak\u0131ll\u0131 Fonksiyonlar<\/strong><\/td>\n<td>&nbsp;<\/td>\n<\/tr>\n<tr>\n<td>IVS<\/td>\n<td>Tripwire, Sald\u0131r\u0131, Vazge&ccedil;ilen Nesne \/ Kay\u0131p<\/td>\n<\/tr>\n<tr>\n<td>Geli\u015fmi\u015f Ak\u0131ll\u0131 Fonksiyonlar<\/td>\n<td>Y&uuml;z alg\u0131lama<\/td>\n<\/tr>\n<tr>\n<td><strong>Video&nbsp;(Lens &Uuml;nitesi ile Birlikte &Ccedil;al\u0131\u015fan)<\/strong><\/td>\n<td colspan=\"1\">&nbsp;<\/td>\n<\/tr>\n<tr>\n<td>S\u0131k\u0131\u015ft\u0131rma<\/td>\n<td colspan=\"1\">H.265 + \/ H.265&nbsp;\/&nbsp;H.264 +&nbsp;\/&nbsp;H.264<\/td>\n<\/tr>\n<tr>\n<td>G&ouml;r&uuml;nt&uuml; Ak\u0131\u015f Kapasitesi<\/td>\n<td colspan=\"1\">3&rsquo;l&uuml; ak\u0131\u015f<\/td>\n<\/tr>\n<tr>\n<td>&Ccedil;&ouml;z&uuml;n&uuml;rl&uuml;k<\/td>\n<td colspan=\"1\">1080P (1920 &times; 1080) \/ 1.3M (1280&times;960) \/ 720P (1280&times;720) \/ D1 (704 &times; 576 \/ 704&times;480) \/ VGA (640 &times; 480) \/ CIF (352 &times; 288 \/ 342&times;240)<\/td>\n<\/tr>\n<tr>\n<td>Frame Oran\u0131<\/td>\n<td colspan=\"1\">Ana Ak\u0131\u015f: 1080P (1 ~ 50 \/ 60fps)<\/p>\n<p>&nbsp;<\/p>\n<p>Alt Ak\u0131\u015f: D1 (1 ~ 25 \/ 30fps)<\/p>\n<p>&Uuml;&ccedil;&uuml;nc&uuml; Ak\u0131\u015f: 1080P (1 ~ 25 \/ 30fps)<\/p>\n<\/td>\n<\/tr>\n<tr>\n<td>Bit H\u0131z\u0131 Kontrol&uuml;<\/td>\n<td colspan=\"1\">CBR \/ VBR<\/td>\n<\/tr>\n<tr>\n<td>Bit Oran\u0131<\/td>\n<td colspan=\"1\">H.264: 24Kbps ~ 9472Kbps<\/p>\n<p>&nbsp;<\/p>\n<p>H.265: 14Kbps ~ 5632Kbps<\/p>\n<\/td>\n<\/tr>\n<tr>\n<td>G&uuml;nd&uuml;z Gece<\/td>\n<td>Elektronik<\/td>\n<\/tr>\n<tr>\n<td>BLC Modu<\/td>\n<td>BLC \/ HLC \/ WDR (120dB)<\/td>\n<\/tr>\n<tr>\n<td>Beyaz Dengesi<\/td>\n<td>Otomatik \/ Do\u011fal \/ Sokak Lambas\u0131 \/ D\u0131\u015f Mekan \/ Manuel<\/td>\n<\/tr>\n<tr>\n<td>Kazan&ccedil; Kontrol&uuml;<\/td>\n<td>Otomatik \/ Manuel<\/td>\n<\/tr>\n<tr>\n<td>Parazit Azaltma<\/td>\n<td>3D DNR<\/td>\n<\/tr>\n<tr>\n<td>Hareket Alg\u0131lama<\/td>\n<td>Kapal\u0131 \/ A&ccedil;\u0131k (4 B&ouml;lge, Dikd&ouml;rtgen)<\/td>\n<\/tr>\n<tr>\n<td>ROI<\/td>\n<td>Kapal\u0131 \/ A&ccedil;\u0131k (4 B&ouml;lge)<\/td>\n<\/tr>\n<tr>\n<td>Elektronik G&ouml;r&uuml;nt&uuml;&nbsp;Sabitleme (EIS)<\/td>\n<td>&ndash;<\/td>\n<\/tr>\n<tr>\n<td>Ak\u0131ll\u0131 IR<\/td>\n<td>&ndash;<\/td>\n<\/tr>\n<tr>\n<td>Ultra Defog (Anti Sis)<\/td>\n<td>&ndash;<\/td>\n<\/tr>\n<tr>\n<td>Dijital Zoom<\/td>\n<td>16x<\/td>\n<\/tr>\n<tr>\n<td>Flip<\/td>\n<td>0&deg;\/90&deg;\/180&deg;\/270&deg;<\/td>\n<\/tr>\n<tr>\n<td>Mirror<\/td>\n<td>Kapal\u0131 \/ A&ccedil;\u0131k<\/td>\n<\/tr>\n<tr>\n<td>&Ouml;zel Alan Maskelemesi<\/td>\n<td>Kapal\u0131 \/ A&ccedil;\u0131k (4 Alan, Dikd&ouml;rtgen)<\/td>\n<\/tr>\n<tr>\n<td><strong>Ses<\/strong><\/td>\n<td>&nbsp;<\/td>\n<\/tr>\n<tr>\n<td>S\u0131k\u0131\u015ft\u0131rma<\/td>\n<td>G.711a \/ G.711Mu \/ AAC \/ G.726<\/td>\n<\/tr>\n<tr>\n<td><strong>Network<\/strong><\/td>\n<td>&nbsp;<\/td>\n<\/tr>\n<tr>\n<td>Ethernet<\/td>\n<td>RJ-45 (10 \/ 100Base-T)<\/td>\n<\/tr>\n<tr>\n<td>Protokol<\/td>\n<td>HTTP; HTTPS; TCP; ARP; RTSP; RTP; UDP, SMTP, FTP;<\/p>\n<p>&nbsp;<\/p>\n<p>DHCP; DNS; DDNS; PPPOE; IPv4 \/ v6; QoS; UPnP; NTP;<\/p>\n<p>Bonjour, 802.1 x, &ccedil;ok noktaya yay\u0131n, ICMP, IGMP, SNMP<\/p>\n<\/td>\n<\/tr>\n<tr>\n<td>ONVIF<\/td>\n<td>ONVIF, PSIA, CGI<\/td>\n<\/tr>\n<tr>\n<td>Ak\u0131\u015f Metodu<\/td>\n<td>Tek Noktaya Yay\u0131n \/ &Ccedil;ok Noktaya Yay\u0131n<\/td>\n<\/tr>\n<tr>\n<td>Maks.&nbsp;Kullan\u0131c\u0131 Eri\u015fimi<\/td>\n<td>10 Kullan\u0131c\u0131lar \/ 20 Kullan\u0131c\u0131<\/td>\n<\/tr>\n<tr>\n<td>Direkt Depolama<\/td>\n<td>NAS<\/p>\n<p>&nbsp;<\/p>\n<p>Anl\u0131k kay\u0131t i&ccedil;in yerel PC<\/p>\n<p>Mirco SD kart 128GB<\/p>\n<\/td>\n<\/tr>\n<tr>\n<td>Web G&ouml;r&uuml;nt&uuml;leyici<\/td>\n<td>IE, Chrome, Firefox, Safari<\/td>\n<\/tr>\n<tr>\n<td>Yaz\u0131l\u0131m Y&ouml;netimi<\/td>\n<td>Ak\u0131ll\u0131 PSS, DSS, Easy4ip<\/td>\n<\/tr>\n<tr>\n<td>Ak\u0131ll\u0131 Telefon<\/td>\n<td>IOS, Android<\/td>\n<\/tr>\n<tr>\n<td><strong>Sertifikalar<\/strong><\/td>\n<td>&nbsp;<\/td>\n<\/tr>\n<tr>\n<td>Sertifikalar<\/td>\n<td>CE (EN 60950: 2000)<\/p>\n<p>&nbsp;<\/p>\n<p>UL: UL60950-1<\/p>\n<p>FCC: FCC B&ouml;l&uuml;m 15 Alt K\u0131s\u0131m B<\/p>\n<\/td>\n<\/tr>\n<tr>\n<td><strong>Aray&uuml;z<\/strong><\/td>\n<td colspan=\"1\">&nbsp;<\/td>\n<\/tr>\n<tr>\n<td>Video Aray&uuml;z&uuml;<\/td>\n<td colspan=\"1\">&ndash;<\/td>\n<\/tr>\n<tr>\n<td>Ses Aray&uuml;z&uuml;<\/td>\n<td>1\/1 kanal Giri\u015f \/ &Ccedil;\u0131k\u0131\u015f<\/td>\n<\/tr>\n<tr>\n<td>RS232<\/td>\n<td colspan=\"1\">1 port<\/td>\n<\/tr>\n<tr>\n<td>Alarm<\/td>\n<td>2 kanal Giri\u015f: 5mA 5VDC<br \/>\n\t\t\t2 kanal &Ccedil;\u0131k\u0131\u015f: 1A 30VDC \/ 0.5A 50VAC<\/td>\n<\/tr>\n<tr>\n<td><strong>G&uuml;&ccedil;<\/strong><\/td>\n<td>&nbsp;<\/td>\n<\/tr>\n<tr>\n<td>G&uuml;&ccedil; Kayna\u011f\u0131<\/td>\n<td>DC12V, PoE (802.3af)<\/td>\n<\/tr>\n<tr>\n<td>G&uuml;&ccedil; T&uuml;ketimi<\/td>\n<td colspan=\"1\">&lt;6W (lens &uuml;nitesi ile birlikte &ccedil;al\u0131\u015fan)<\/td>\n<\/tr>\n<tr>\n<td><strong>&Ccedil;evre Ko\u015fullar\u0131<\/strong><\/td>\n<td>&nbsp;<\/td>\n<\/tr>\n<tr>\n<td>&Ccedil;al\u0131\u015fma Ko\u015fullar\u0131<\/td>\n<td>-30 &deg; C ~ + 60 &deg; C (-22 &deg; F ~ + 140 &deg; F) \/% 95&rsquo;den daha d&uuml;\u015f&uuml;k RH<\/td>\n<\/tr>\n<tr>\n<td>Dayan\u0131kl\u0131l\u0131k Ko\u015fullar\u0131<\/td>\n<td>-30 &deg; C ~ + 60 &deg; C (-22 &deg; F ~ + 140 &deg; F) \/% 95&rsquo;den daha d&uuml;\u015f&uuml;k RH<\/td>\n<\/tr>\n<tr>\n<td>Koruma Sertifikas\u0131<\/td>\n<td>&ndash;<\/td>\n<\/tr>\n<tr>\n<td>Dayan\u0131kl\u0131l\u0131k Sertifikas\u0131<\/td>\n<td>&ndash;<\/td>\n<\/tr>\n<tr>\n<td>Kasa<\/td>\n<td>Metal<\/td>\n<\/tr>\n<tr>\n<td>Boyutlar<\/td>\n<td>110.0mm x 82.7mm x 24.0mm<\/td>\n<\/tr>\n<tr>\n<td>Net A\u011f\u0131rl\u0131k<\/td>\n<td>0.21Kg<\/td>\n<\/tr>\n<\/tbody>\n<\/table>\n<p><img loading=\"lazy\" alt=\"\" height=\"457\" sizes=\"(max-width: 500px) 100vw, 500px\" src=\"https:\/\/www.okisan.com\/wp-content\/uploads\/2018\/01\/IPC-HUM8231-E1-b-500x457.png\" srcset=\"https:\/\/www.okisan.com\/wp-content\/uploads\/2018\/01\/IPC-HUM8231-E1-b-120x110.png 120w, https:\/\/www.okisan.com\/wp-content\/uploads\/2018\/01\/IPC-HUM8231-E1-b-150x137.png 150w, https:\/\/www.okisan.com\/wp-content\/uploads\/2018\/01\/IPC-HUM8231-E1-b-200x183.png 200w, https:\/\/www.okisan.com\/wp-content\/uploads\/2018\/01\/IPC-HUM8231-E1-b-300x274.png 300w, https:\/\/www.okisan.com\/wp-content\/uploads\/2018\/01\/IPC-HUM8231-E1-b-400x365.png 400w, https:\/\/www.okisan.com\/wp-content\/uploads\/2018\/01\/IPC-HUM8231-E1-b-500x457.png 500w, https:\/\/www.okisan.com\/wp-content\/uploads\/2018\/01\/IPC-HUM8231-E1-b.png 599w\" width=\"500\" \/><\/p>\n","protected":false},"excerpt":{"rendered":"<p>H.265&amp;H.264 &uuml;&ccedil;l&uuml; ak\u0131\u015f kodlama Ak\u0131ll\u0131 H.265 + \/ H.264 + mevcut 50\/60fps@1080P(1920&times;1080) G&uuml;nd&uuml;z \/ Gece (Elektronik), WDR, 3DNR, AWB, AGC, BLC Ak\u0131ll\u0131 alg\u0131lama Micro SD bellek, PoE &Ccedil;oklu lens &uuml;nitesi (opsiyonel) Lens Biriminin birlikte &ccedil;al\u0131\u015fmas\u0131n\u0131 gerektirir. Model Dahua IPC-HUM8231P-E1 Teknik &Ouml;zellikleri Kamera &nbsp; RAM \/ ROM 512\/32 MB S \/ N Oran\u0131 50dB&rsquo;dan fazla Ak\u0131ll\u0131 [&#8230;]\n","protected":false},"featured_media":620,"comment_status":"closed","ping_status":"closed","template":"","meta":[],"_links":{"self":[{"href":"https:\/\/nilbilisim.com.tr\/magaza\/wp-json\/wp\/v2\/product\/619"}],"collection":[{"href":"https:\/\/nilbilisim.com.tr\/magaza\/wp-json\/wp\/v2\/product"}],"about":[{"href":"https:\/\/nilbilisim.com.tr\/magaza\/wp-json\/wp\/v2\/types\/product"}],"replies":[{"embeddable":true,"href":"https:\/\/nilbilisim.com.tr\/magaza\/wp-json\/wp\/v2\/comments?post=619"}],"wp:featuredmedia":[{"embeddable":true,"href":"https:\/\/nilbilisim.com.tr\/magaza\/wp-json\/wp\/v2\/media\/620"}],"wp:attachment":[{"href":"https:\/\/nilbilisim.com.tr\/magaza\/wp-json\/wp\/v2\/media?parent=619"}],"curies":[{"name":"wp","href":"https:\/\/api.w.org\/{rel}","templated":true}]}}