{"id":677,"date":"2021-01-18T20:52:07","date_gmt":"2021-01-18T20:52:07","guid":{"rendered":"https:\/\/nilbilisim.com.tr\/magaza\/urun\/dahua-nvr2108hs-w-4ks2-8-kanal-h265-kablosuz-nvr-kaiat-cihaza\/"},"modified":"2024-07-01T01:42:05","modified_gmt":"2024-06-30T22:42:05","slug":"dahua-nvr2108hs-w-4ks2-8-kanal-h265-kablosuz-nvr-kaiat-cihaza","status":"publish","type":"product","link":"https:\/\/nilbilisim.com.tr\/magaza\/urun\/dahua-nvr2108hs-w-4ks2-8-kanal-h265-kablosuz-nvr-kaiat-cihaza\/","title":{"rendered":"Dahua NVR2108HS-W-4KS2 8 Kanal H.265 Kablosuz NVR Kay\u0131t Cihaz\u0131"},"content":{"rendered":"<ul>\n<li>IEEE802.11b\/g\/n(2.4GHz)<\/li>\n<li>Wi-Fi sinyali<\/li>\n<li>H.265 + \/ H.264 + kodek kod &ccedil;&ouml;zme<\/li>\n<li>Maksimum 80Mbps kablo giri\u015f<\/li>\n<li>Maksimum 24Mb \/ sn kablosuz gelen bant geni\u015fli\u011fi i&ccedil;in iki anten mevcut<\/li>\n<li>1ch @ 8 MP \/ 4ch @ 1080P&rsquo;ye kadar kod &ccedil;&ouml;zme<\/li>\n<\/ul>\n<table border=\"1\" cellpadding=\"5\" cellspacing=\"1\" id=\"table001\">\n<tbody>\n<tr>\n<td colspan=\"2\"><strong>Dahua NVR2108HS-W-4KS2 Teknik &Ouml;zellikleri<\/strong><\/td>\n<\/tr>\n<tr>\n<td colspan=\"2\"><strong>Sistem<\/strong><\/td>\n<\/tr>\n<tr>\n<td>Ana \u0130\u015flemci<\/td>\n<td>&Ccedil;ift &ccedil;ekirdekli g&ouml;m&uuml;l&uuml; i\u015flemci<\/td>\n<\/tr>\n<tr>\n<td>\u0130\u015fletim Sistemi<\/td>\n<td>G&ouml;m&uuml;l&uuml; LINUX<\/td>\n<\/tr>\n<tr>\n<td colspan=\"2\"><strong>Ses ve G&ouml;r&uuml;nt&uuml;<\/strong><\/td>\n<\/tr>\n<tr>\n<td>IP Kamera Giri\u015fi<\/td>\n<td>8 Kanal<\/td>\n<\/tr>\n<tr>\n<td>\u0130ki Y&ouml;nl&uuml; Konu\u015fma<\/td>\n<td>&ndash;<\/td>\n<\/tr>\n<tr>\n<td colspan=\"2\"><strong>Ekran<\/strong><\/td>\n<\/tr>\n<tr>\n<td>Aray&uuml;z<\/td>\n<td>1 HDMI, 1 VGA<\/td>\n<\/tr>\n<tr>\n<td>&Ccedil;&ouml;z&uuml;n&uuml;rl&uuml;k<\/td>\n<td>HDMI:&nbsp;3840 &times; 2160, 1920 &times; 1080, 1280 &times; 1024, 1280 &times; 720<\/p>\n<p>&nbsp;<\/p>\n<p>VGA: 1920 &times; 1080, 1280 &times; 1024, 1280 &times; 720<\/p>\n<\/td>\n<\/tr>\n<tr>\n<td>Kod &Ccedil;&ouml;zme Kapasitesi<\/td>\n<td>1 kanal @ 8MP 30 fps, 4 kanal @ 1080P 30 fps<\/td>\n<\/tr>\n<tr>\n<td>B&ouml;l&uuml;nm&uuml;\u015f Ekran<\/td>\n<td>1\/4\/8\/9<\/td>\n<\/tr>\n<tr>\n<td>OSD<\/td>\n<td>Kamera ba\u015fl\u0131\u011f\u0131, Zaman, kamera kilidi, Hareket alg\u0131lama, kay\u0131t<\/td>\n<\/tr>\n<tr>\n<td colspan=\"2\"><strong>Video<\/strong><\/td>\n<\/tr>\n<tr>\n<td>S\u0131k\u0131\u015ft\u0131rma<\/td>\n<td>H.265 + \/ H.264 + \/ H.265 \/ H.264<\/td>\n<\/tr>\n<tr>\n<td>&Ccedil;&ouml;z&uuml;n&uuml;rl&uuml;k<\/td>\n<td>8MP \/ 6MP \/ 5MP \/ 4MP \/ 3MP \/ 1080P \/ 720P \/ D1 &amp; vb.<\/td>\n<\/tr>\n<tr>\n<td>Frame Oran\u0131<\/td>\n<td>80Mbps<\/td>\n<\/tr>\n<tr>\n<td>Bit H\u0131z\u0131<\/td>\n<td>Kanal ba\u015f\u0131na 16Kbps ~ 20Mbps<\/td>\n<\/tr>\n<tr>\n<td>Kay\u0131t Modu<\/td>\n<td>Manuel, Plan (D&uuml;zenli (S&uuml;rekli), MD, Durdur<\/td>\n<\/tr>\n<tr>\n<td>Kay\u0131t Aral\u0131\u011f\u0131<\/td>\n<td>1 ~ 120 dakika (varsay\u0131lan: 60 dak), &Ouml;n kay\u0131t: 1 ~ 30 sn, Post-kay\u0131t: 10 ~ 300 sn<\/td>\n<\/tr>\n<tr>\n<td colspan=\"2\"><strong>Video Alg\u0131lama ve Alarm<\/strong><\/td>\n<\/tr>\n<tr>\n<td>Tetikleyen Olaylar<\/td>\n<td>Kay\u0131t, PTZ, Tur, Video Push, Snapshot ve Ekran \u0130pu&ccedil;lar\u0131<\/td>\n<\/tr>\n<tr>\n<td>Video Alg\u0131lama<\/td>\n<td>Hareket Alg\u0131lama, MD B&ouml;lgeleri: 396 (22 &times; 18), ve Kurcalama<\/td>\n<\/tr>\n<tr>\n<td>Alarm Giri\u015fi<\/td>\n<td>&ndash;<\/td>\n<\/tr>\n<tr>\n<td>Alarm &Ccedil;\u0131k\u0131\u015f\u0131<\/td>\n<td>&ndash;<\/td>\n<\/tr>\n<tr>\n<td colspan=\"2\"><strong>Playback ve Yedekleme<\/strong><\/td>\n<\/tr>\n<tr>\n<td>Senkronize Playback<\/td>\n<td>1\/4<\/td>\n<\/tr>\n<tr>\n<td>Arama Modu<\/td>\n<td>Zaman \/ Tarih, MD ve Tam Arama<\/p>\n<p>&nbsp;<\/p>\n<p>(saniyeye kadar do\u011fru)<\/p>\n<\/td>\n<\/tr>\n<tr>\n<td>Playback Fonksiyonu<\/td>\n<td>Oynat, Duraklat, Durdur, Geri Sar, H\u0131zl\u0131 Oynat, Yava\u015f Oynat, Sonraki Dosya, &Ouml;nceki Dosya, Sonraki Kamera, &Ouml;nceki Kamera, Tam Ekran, Kar\u0131\u015ft\u0131r, Yedekleme Se&ccedil;imi, Dijital Zoom<\/td>\n<\/tr>\n<tr>\n<td>Yedekleme Modu<\/td>\n<td>USB Ayg\u0131t\u0131 \/ Network<\/td>\n<\/tr>\n<\/tbody>\n<\/table>\n<table border=\"1\" cellpadding=\"5\" cellspacing=\"1\" id=\"table002\">\n<tbody>\n<tr>\n<td colspan=\"2\"><strong>Di\u011fer Markalarla Uyumluluk<\/strong><\/td>\n<\/tr>\n<tr>\n<td>Di\u011fer Markalarla Uyumluluk<\/td>\n<td>Arecont Vision, AXIS, Bosch, Brickcom, Canon, CP Plus, Dynacolor, Honeywell, Panasonic, Pelco, Samsung, Sanyo, Sony, Videotec ve daha fazlas\u0131<\/td>\n<\/tr>\n<tr>\n<td colspan=\"2\"><strong>Network<\/strong><\/td>\n<\/tr>\n<tr>\n<td>Aray&uuml;z<\/td>\n<td>1 RJ-45 port (10\/100Mbps)<\/td>\n<\/tr>\n<tr>\n<td>Kablosuz<\/td>\n<td>IEEE 802.11b \/ g \/ n (2,4 GHz)<\/td>\n<\/tr>\n<tr>\n<td>PoE<\/td>\n<td>&ndash;<\/td>\n<\/tr>\n<tr>\n<td>Network Fonksiyonu<\/td>\n<td>HTTP \/ HTTPS, TCP \/ IP, IPv4 \/ IPv6, RTSP, UDP, NTP, DHCP, DNS, IP Filtresi, DDNS, IP Arama (Destek Dahua IP kamera, DVR, NVS ve vb.), P2P<\/td>\n<\/tr>\n<tr>\n<td>Fiber Optik Aray&uuml;z<\/td>\n<td>&ndash;<\/td>\n<\/tr>\n<tr>\n<td>Maks. Kullan\u0131c\u0131 Eri\u015fimi<\/td>\n<td>128 kullan\u0131c\u0131<\/td>\n<\/tr>\n<tr>\n<td>Ak\u0131ll\u0131 Telefon<\/td>\n<td>iPhone, iPad, Android<\/td>\n<\/tr>\n<tr>\n<td>ONVIF<\/td>\n<td>ONVIF 2.4, SDK, CGI<\/td>\n<\/tr>\n<tr>\n<td colspan=\"2\"><strong>Depolama<\/strong><\/td>\n<\/tr>\n<tr>\n<td>Dahili HDD<\/td>\n<td>1 SATA III port, her HDD i&ccedil;in 4 TB&rsquo;a kadar kapasite<\/td>\n<\/tr>\n<tr>\n<td>HDD Modu<\/td>\n<td>Tek<\/td>\n<\/tr>\n<tr>\n<td>eSATA<\/td>\n<td>&ndash;<\/td>\n<\/tr>\n<tr>\n<td colspan=\"2\"><strong>Aray&uuml;z<\/strong><\/td>\n<\/tr>\n<tr>\n<td>USB<\/td>\n<td>2 ports (2 USB2.0)<\/td>\n<\/tr>\n<tr>\n<td>RS232<\/td>\n<td>&ndash;<\/td>\n<\/tr>\n<tr>\n<td>RS485<\/td>\n<td>&ndash;<\/td>\n<\/tr>\n<tr>\n<td colspan=\"2\"><strong>G&uuml;&ccedil;<\/strong><\/td>\n<\/tr>\n<tr>\n<td>G&uuml;&ccedil; Kayna\u011f\u0131<\/td>\n<td>Tek, DC12V \/ 2A<\/td>\n<\/tr>\n<tr>\n<td>G&uuml;&ccedil; T&uuml;ketimi<\/td>\n<td>&lt;6.6W (HDD olmadan)<\/td>\n<\/tr>\n<tr>\n<td colspan=\"2\"><strong>&Ccedil;evre Ko\u015fullar\u0131<\/strong><\/td>\n<\/tr>\n<tr>\n<td>&Ccedil;al\u0131\u015fma Ko\u015fullar\u0131<\/td>\n<td>0 &deg; C ~ + 40 &deg; C (+ 32 &deg; F ~ + 104 &deg; F), 86 ~ 106kpa<\/td>\n<\/tr>\n<tr>\n<td>Dayan\u0131kl\u0131l\u0131k Ko\u015fullar\u0131<\/td>\n<td>-20 &deg; C ~ + 70 &deg; C (-4 &deg; F ~ + 158 &deg; F), 0 ~ 90% RH<\/td>\n<\/tr>\n<tr>\n<td colspan=\"2\"><strong>Kasa<\/strong><\/td>\n<\/tr>\n<tr>\n<td>Boyutlar<\/td>\n<td>Kompakt 1U, 226 mm &times; 226,9 mm &times; 40,4 mm<\/td>\n<\/tr>\n<tr>\n<td>Net A\u011f\u0131rl\u0131k<\/td>\n<td>1,3 kg (HDD olmadan)<\/td>\n<\/tr>\n<tr>\n<td><strong>Sertifikalar<\/strong><\/td>\n<td>&nbsp;<\/td>\n<\/tr>\n<tr>\n<td>Sertifikalar<\/td>\n<td>CE:EN55032, EN55024, EN50130-4, EN60950-1<\/p>\n<p>&nbsp;<\/p>\n<p>FCC:B&ouml;l&uuml;m 15 Subpart B, ANSI C63.4-2014<\/p>\n<p>UL:UL60950-1<\/p>\n<\/td>\n<\/tr>\n<\/tbody>\n<\/table>\n<p>&nbsp;<\/p>\n<p><img loading=\"lazy\" alt=\"\" height=\"517\" sizes=\"(max-width: 345px) 100vw, 345px\" src=\"https:\/\/www.okisan.com\/wp-content\/uploads\/2018\/10\/boyutlar-2.png\" srcset=\"https:\/\/www.okisan.com\/wp-content\/uploads\/2018\/10\/boyutlar-2-120x180.png 120w, https:\/\/www.okisan.com\/wp-content\/uploads\/2018\/10\/boyutlar-2-150x225.png 150w, https:\/\/www.okisan.com\/wp-content\/uploads\/2018\/10\/boyutlar-2-200x300.png 200w, https:\/\/www.okisan.com\/wp-content\/uploads\/2018\/10\/boyutlar-2-300x450.png 300w, https:\/\/www.okisan.com\/wp-content\/uploads\/2018\/10\/boyutlar-2.png 345w\" width=\"345\" \/><img loading=\"lazy\" alt=\"\" height=\"329\" sizes=\"(max-width: 418px) 100vw, 418px\" src=\"https:\/\/www.okisan.com\/wp-content\/uploads\/2018\/10\/arka-panel-1.png\" srcset=\"https:\/\/www.okisan.com\/wp-content\/uploads\/2018\/10\/arka-panel-1-120x94.png 120w, https:\/\/www.okisan.com\/wp-content\/uploads\/2018\/10\/arka-panel-1-150x118.png 150w, https:\/\/www.okisan.com\/wp-content\/uploads\/2018\/10\/arka-panel-1-200x157.png 200w, https:\/\/www.okisan.com\/wp-content\/uploads\/2018\/10\/arka-panel-1-300x236.png 300w, https:\/\/www.okisan.com\/wp-content\/uploads\/2018\/10\/arka-panel-1-400x315.png 400w, https:\/\/www.okisan.com\/wp-content\/uploads\/2018\/10\/arka-panel-1.png 418w\" width=\"418\" \/><\/p>\n","protected":false},"excerpt":{"rendered":"<p>IEEE802.11b\/g\/n(2.4GHz) Wi-Fi sinyali H.265 + \/ H.264 + kodek kod &ccedil;&ouml;zme Maksimum 80Mbps kablo giri\u015f Maksimum 24Mb \/ sn kablosuz gelen bant geni\u015fli\u011fi i&ccedil;in iki anten mevcut 1ch @ 8 MP \/ 4ch @ 1080P&rsquo;ye kadar kod &ccedil;&ouml;zme Dahua NVR2108HS-W-4KS2 Teknik &Ouml;zellikleri Sistem Ana \u0130\u015flemci &Ccedil;ift &ccedil;ekirdekli g&ouml;m&uuml;l&uuml; i\u015flemci \u0130\u015fletim Sistemi G&ouml;m&uuml;l&uuml; LINUX Ses ve [&#8230;]\n","protected":false},"featured_media":678,"comment_status":"closed","ping_status":"closed","template":"","meta":[],"_links":{"self":[{"href":"https:\/\/nilbilisim.com.tr\/magaza\/wp-json\/wp\/v2\/product\/677"}],"collection":[{"href":"https:\/\/nilbilisim.com.tr\/magaza\/wp-json\/wp\/v2\/product"}],"about":[{"href":"https:\/\/nilbilisim.com.tr\/magaza\/wp-json\/wp\/v2\/types\/product"}],"replies":[{"embeddable":true,"href":"https:\/\/nilbilisim.com.tr\/magaza\/wp-json\/wp\/v2\/comments?post=677"}],"wp:featuredmedia":[{"embeddable":true,"href":"https:\/\/nilbilisim.com.tr\/magaza\/wp-json\/wp\/v2\/media\/678"}],"wp:attachment":[{"href":"https:\/\/nilbilisim.com.tr\/magaza\/wp-json\/wp\/v2\/media?parent=677"}],"curies":[{"name":"wp","href":"https:\/\/api.w.org\/{rel}","templated":true}]}}