{"id":733,"date":"2021-01-18T20:56:49","date_gmt":"2021-01-18T20:56:49","guid":{"rendered":"https:\/\/nilbilisim.com.tr\/magaza\/urun\/dahua-lr2110-8et-120-8-port-epoe-switch\/"},"modified":"2024-07-01T01:44:26","modified_gmt":"2024-06-30T22:44:26","slug":"dahua-lr2110-8et-120-8-port-epoe-switch","status":"publish","type":"product","link":"https:\/\/nilbilisim.com.tr\/magaza\/urun\/dahua-lr2110-8et-120-8-port-epoe-switch\/","title":{"rendered":"Dahua LR2110-8ET-120 8-Port ePoE Switch"},"content":{"rendered":"<ul>\n<li>Dahua ePoE teknolojisi ile 800 metreye kadar uzun mesafeli PoE iletimini destekler<\/li>\n<li>&nbsp;Katman iki ePoE switch<\/li>\n<li>MAC otomatik &ccedil;al\u0131\u015fma ve ya\u015flanma, MAC adres listesi kapasitesi&nbsp;8K&rsquo;d\u0131r<\/li>\n<li>Uygun IEEE802.3, IEEE802.3u, IEEE802.3ab \/ z ve IEEE802.3u, IEEE802.3ab \/ z ve IEEE802 .3X standartlar\u0131<\/li>\n<li>IEEE802.3af, IEEE802.3at, Hi-PoE standard\u0131n\u0131 destekler<\/li>\n<li>End&uuml;striyel geni\u015f s\u0131cakl\u0131k tasar\u0131m\u0131<\/li>\n<li>Port g&ouml;sterge \u0131\u015f\u0131\u011f\u0131, IEEE, E100 ve E10&rsquo;u i&ccedil;eren port i&ccedil;in ge&ccedil;erli iletim modunun durumunu g&ouml;stermektir.<\/li>\n<\/ul>\n<table border=\"1\" cellpadding=\"5\" cellspacing=\"1\" id=\"table001\">\n<tbody>\n<tr>\n<td><strong>Model<\/strong><\/td>\n<td colspan=\"4\"><strong>Dahua LR2110-8ET-120 Teknik &Ouml;zellikleri<\/strong><\/td>\n<\/tr>\n<tr>\n<td>Ethernet Port<\/td>\n<td colspan=\"4\">1 * 1000 Base-X<\/p>\n<p>&nbsp;<\/p>\n<p>1 * 10\/100\/1000 Temel-T<\/p>\n<p>8 * 10\/100 Base-T (PoE g&uuml;&ccedil; kayna\u011f\u0131)<\/p>\n<\/td>\n<\/tr>\n<tr>\n<td>PoE G&uuml;&ccedil; T&uuml;ketimi<\/td>\n<td colspan=\"4\">Port1,5&le;60W, Port2,3,4,6,7,8&le;30W, Total&le;120W<\/td>\n<\/tr>\n<tr>\n<td>PoE Protokol&uuml;<\/td>\n<td colspan=\"4\">IEEE802.3af, IEEE802.3at, Hi-PoE<\/td>\n<\/tr>\n<tr>\n<td>Anahtarlanma Kapasitesi<\/td>\n<td colspan=\"4\">8.8Gbps<\/td>\n<\/tr>\n<tr>\n<td>Paket \u0130letim Oran\u0131<\/td>\n<td colspan=\"4\">4.17Mpps<\/td>\n<\/tr>\n<tr>\n<td>Paket Tampon Bellek<\/td>\n<td colspan=\"4\">2.75MB<\/td>\n<\/tr>\n<tr>\n<td>MAC Tablosu Boyutu<\/td>\n<td colspan=\"4\">8K<\/td>\n<\/tr>\n<tr>\n<td>Ak\u0131\u015f Kontrol&uuml;<\/td>\n<td colspan=\"4\">Varsay\u0131lan olarak etkinle\u015ftirme<\/td>\n<\/tr>\n<tr>\n<td>Uygulama Nem Oran\u0131<\/td>\n<td colspan=\"4\">% 10 ~% 90<\/td>\n<\/tr>\n<tr>\n<td>G&uuml;&ccedil; Kayna\u011f\u0131<\/td>\n<td colspan=\"4\">DC48 ~ 57V g&uuml;&ccedil; adapt&ouml;r&uuml;<\/td>\n<\/tr>\n<tr>\n<td>Y\u0131ld\u0131r\u0131mdan Korunma<\/td>\n<td colspan=\"4\">Ortak Mod 4KV<\/p>\n<p>&nbsp;<\/p>\n<p>Diferansiyel Mod 2KV<\/p>\n<\/td>\n<\/tr>\n<tr>\n<td>&Ccedil;al\u0131\u015fma Ko\u015fullar\u0131<\/td>\n<td colspan=\"4\">-30 &deg; C ~ 65 &deg; C<\/td>\n<\/tr>\n<tr>\n<td>Net A\u011f\u0131rl\u0131k<\/td>\n<td colspan=\"4\">0.59 kg<\/td>\n<\/tr>\n<tr>\n<td>Boyutlar<\/td>\n<td colspan=\"4\">150 mm x 100 mm x 42 mm<\/td>\n<\/tr>\n<tr>\n<td><strong>\u0130letim Performans\u0131:<\/strong><\/td>\n<td colspan=\"4\">&nbsp;<\/td>\n<\/tr>\n<tr>\n<td>Kablo (m)<\/td>\n<td>Bant Geni\u015fli\u011fi (Mbps)<\/td>\n<td>PoE Y&uuml;k Kapasitesi (W)<\/td>\n<td>Hi-PoE Y&uuml;k Kapasitesi (W)<\/td>\n<td>&Ccedil;al\u0131\u015fma Modu<\/td>\n<\/tr>\n<tr>\n<td>100<\/td>\n<td>100<\/td>\n<td>25,5<\/td>\n<td>53<\/td>\n<td>IEEE \/ E100<\/td>\n<\/tr>\n<tr>\n<td>200<\/td>\n<td>100<\/td>\n<td>25,5<\/td>\n<td>33<\/td>\n<td>E100<\/td>\n<\/tr>\n<tr>\n<td>300<\/td>\n<td>100<\/td>\n<td>19<\/td>\n<td>19<\/td>\n<td>E100<\/td>\n<\/tr>\n<tr>\n<td>400<\/td>\n<td>10<\/td>\n<td>17<\/td>\n<td>17<\/td>\n<td>E10<\/td>\n<\/tr>\n<tr>\n<td>500<\/td>\n<td>10<\/td>\n<td>13<\/td>\n<td>13<\/td>\n<td>E10<\/td>\n<\/tr>\n<tr>\n<td>800<\/td>\n<td>10<\/td>\n<td>7<\/td>\n<td>7<\/td>\n<td>E10<\/td>\n<\/tr>\n<\/tbody>\n<\/table>\n<table border=\"1\" cellpadding=\"5\" cellspacing=\"1\" id=\"table002\">\n<tbody>\n<tr>\n<td colspan=\"5\"><strong>ePoE anahtar\u0131 g&uuml;&ccedil; kayna\u011f\u0131 voltaj\u0131 48V<\/strong><\/p>\n<p>&nbsp;<\/p>\n<p><strong>CAT5E \/ CAT6, maks.&nbsp;DC direnci &lt;10&Omega; \/ 100m<\/strong><\/p>\n<\/td>\n<\/tr>\n<tr>\n<td>Kablo (m)<\/td>\n<td>Bant Geni\u015fli\u011fi (Mbps)<\/td>\n<td>PoE Y&uuml;k Kapasitesi (W)<\/td>\n<td>Hi-PoE Y&uuml;k Kapasitesi (W)<\/td>\n<td>&Ccedil;al\u0131\u015fma Modu<\/td>\n<\/tr>\n<tr>\n<td>100<\/td>\n<td>100<\/td>\n<td>25,5<\/td>\n<td>53<\/td>\n<td>IEEE \/ E100<\/td>\n<\/tr>\n<tr>\n<td>200<\/td>\n<td>100<\/td>\n<td>25,5<\/td>\n<td>47<\/td>\n<td>E100<\/td>\n<\/tr>\n<tr>\n<td>300<\/td>\n<td>100<\/td>\n<td>25,5<\/td>\n<td>32<\/td>\n<td>E100<\/td>\n<\/tr>\n<tr>\n<td>400<\/td>\n<td>10<\/td>\n<td>23<\/td>\n<td>26<\/td>\n<td>E10<\/td>\n<\/tr>\n<tr>\n<td>500<\/td>\n<td>10<\/td>\n<td>20<\/td>\n<td>20<\/td>\n<td>E10<\/td>\n<\/tr>\n<tr>\n<td>800<\/td>\n<td>10<\/td>\n<td>13<\/td>\n<td>13<\/td>\n<td>E10<\/td>\n<\/tr>\n<tr>\n<td colspan=\"5\"><strong>ePoE anahtar\u0131 g&uuml;&ccedil; kayna\u011f\u0131 voltaj\u0131 53V<\/strong><\/p>\n<p>&nbsp;<\/p>\n<p><strong>CAT5E \/ CAT6, maks.&nbsp;DC direnci &lt;10&Omega; \/ 100m<\/strong><\/p>\n<\/td>\n<\/tr>\n<tr>\n<td><strong>Aksesuarlar<\/strong><\/td>\n<td colspan=\"4\">&nbsp;<\/td>\n<\/tr>\n<tr>\n<td>SFP Mod&uuml;l&uuml;<\/td>\n<td colspan=\"4\">A&ccedil;\u0131klama<\/td>\n<\/tr>\n<tr>\n<td>PFT3950<\/td>\n<td colspan=\"4\">1.25G 850nm, 500m, LC, &Ccedil;ok modlu<\/td>\n<\/tr>\n<tr>\n<td>PFT3960<\/td>\n<td colspan=\"4\">1.25G 1310 \/ 1550nm, 20km, LC, Tek modlu<\/td>\n<\/tr>\n<tr>\n<td>PFT3970<\/td>\n<td colspan=\"4\">1.25G 1550 \/ 1310nm, 20km, LC, Tek modlu<\/td>\n<\/tr>\n<tr>\n<td>EoC (Coax &Uuml;zerinden Ethernet)<\/td>\n<td colspan=\"4\">A&ccedil;\u0131klama<\/td>\n<\/tr>\n<tr>\n<td>LR1002<\/td>\n<td colspan=\"4\">1 * 10\/100 Mbps Base-TX + 1 * BNC<\/p>\n<p>&nbsp;<\/p>\n<p>RG59 koaksiyel kablo:<\/p>\n<p>400m \/ 100Mbps, 1000m \/ 10Mbps<\/p>\n<\/td>\n<\/tr>\n<tr>\n<td><strong>LED G&ouml;stergesi<\/strong><\/td>\n<td colspan=\"4\">&nbsp;<\/td>\n<\/tr>\n<tr>\n<td>&Ccedil;al\u0131\u015fma Modu<\/td>\n<td colspan=\"4\">LED G&ouml;stergesi<\/td>\n<\/tr>\n<tr>\n<td>IEEE Modu<\/td>\n<td colspan=\"4\">Normalde a&ccedil;\u0131k<\/td>\n<\/tr>\n<tr>\n<td>E100<\/td>\n<td colspan=\"4\">3 saniye a&ccedil;\u0131k, 1 saniye kapal\u0131<\/td>\n<\/tr>\n<tr>\n<td>E10<\/td>\n<td colspan=\"4\">1 saniye a&ccedil;\u0131k, 1 saniye kapal\u0131<\/td>\n<\/tr>\n<\/tbody>\n<\/table>\n","protected":false},"excerpt":{"rendered":"<p>Dahua ePoE teknolojisi ile 800 metreye kadar uzun mesafeli PoE iletimini destekler &nbsp;Katman iki ePoE switch MAC otomatik &ccedil;al\u0131\u015fma ve ya\u015flanma, MAC adres listesi kapasitesi&nbsp;8K&rsquo;d\u0131r Uygun IEEE802.3, IEEE802.3u, IEEE802.3ab \/ z ve IEEE802.3u, IEEE802.3ab \/ z ve IEEE802 .3X standartlar\u0131 IEEE802.3af, IEEE802.3at, Hi-PoE standard\u0131n\u0131 destekler End&uuml;striyel geni\u015f s\u0131cakl\u0131k tasar\u0131m\u0131 Port g&ouml;sterge \u0131\u015f\u0131\u011f\u0131, IEEE, E100 ve [&#8230;]\n","protected":false},"featured_media":734,"comment_status":"closed","ping_status":"closed","template":"","meta":[],"_links":{"self":[{"href":"https:\/\/nilbilisim.com.tr\/magaza\/wp-json\/wp\/v2\/product\/733"}],"collection":[{"href":"https:\/\/nilbilisim.com.tr\/magaza\/wp-json\/wp\/v2\/product"}],"about":[{"href":"https:\/\/nilbilisim.com.tr\/magaza\/wp-json\/wp\/v2\/types\/product"}],"replies":[{"embeddable":true,"href":"https:\/\/nilbilisim.com.tr\/magaza\/wp-json\/wp\/v2\/comments?post=733"}],"wp:featuredmedia":[{"embeddable":true,"href":"https:\/\/nilbilisim.com.tr\/magaza\/wp-json\/wp\/v2\/media\/734"}],"wp:attachment":[{"href":"https:\/\/nilbilisim.com.tr\/magaza\/wp-json\/wp\/v2\/media?parent=733"}],"curies":[{"name":"wp","href":"https:\/\/api.w.org\/{rel}","templated":true}]}}