{"id":745,"date":"2021-01-18T20:58:25","date_gmt":"2021-01-18T20:58:25","guid":{"rendered":"https:\/\/nilbilisim.com.tr\/magaza\/urun\/dahua-pfs4218-16et-240-16-port-poe-switch\/"},"modified":"2024-07-01T01:44:24","modified_gmt":"2024-06-30T22:44:24","slug":"dahua-pfs4218-16et-240-16-port-poe-switch","status":"publish","type":"product","link":"https:\/\/nilbilisim.com.tr\/magaza\/urun\/dahua-pfs4218-16et-240-16-port-poe-switch\/","title":{"rendered":"Dahua PFS4218-16ET-240 16-Port PoE Switch"},"content":{"rendered":"<ul>\n<li>Katman 2 y&ouml;netimi PoE switch<\/li>\n<li>PoE b&uuml;t&ccedil;esi: 240W<\/li>\n<li>PoE mevcut, PoE +, Hi-PoE<\/li>\n<li>&lsquo;Portakal portu&rsquo; mevcut Hi-PoE, PoE geni\u015fletici (PFT1300) ile kullan\u0131labilir.<\/li>\n<li>250 metre mesafe uzak PoE iletimi<\/li>\n<li>PoE y&ouml;netimi , PoE Ayarlar\u0131 \/ Olay \u0130statistikleri \/ Ye\u015fil PoE<\/li>\n<li>ConfigTool ile arama ve y&uuml;kseltme<\/li>\n<li>Web y&ouml;netimi mevcut<\/li>\n<li>Y&uuml;ksek y\u0131ld\u0131r\u0131mdan korunma tasar\u0131m\u0131<\/li>\n<li>Engelleyici olmayan video iletimi<\/li>\n<\/ul>\n<table border=\"1\" cellpadding=\"5\" cellspacing=\"1\" id=\"table001\">\n<tbody>\n<tr>\n<td><strong>Model<\/strong><\/td>\n<td><strong>Dahua PFS4218-16ET-240 Teknik &Ouml;zellikleri<\/strong><\/td>\n<\/tr>\n<tr>\n<td>Ethernet Port<\/td>\n<td>2 * 10\/100\/1000 Base-T (Birle\u015fik port)<\/p>\n<p>&nbsp;<\/p>\n<p>2 * 1000 Taban-X (Combo port)<\/p>\n<p>16 * 10\/100 Base-T (PoE g&uuml;&ccedil; kayna\u011f\u0131)<\/p>\n<\/td>\n<\/tr>\n<tr>\n<td>PoE G&uuml;&ccedil; T&uuml;ketimi<\/td>\n<td>Port1 \/ 2, Hi-PoE (60W), PoE +, PoE&rsquo;yi destekler<\/p>\n<p>&nbsp;<\/p>\n<p>Her g&uuml;&ccedil; &le;30 W<\/p>\n<p>Total&le;240W<\/p>\n<\/td>\n<\/tr>\n<tr>\n<td>PoE Protokol&uuml;<\/td>\n<td>IEEE802.3af, IEEE802.3at, Hi-PoE<\/td>\n<\/tr>\n<tr>\n<td>Anahtarlanma Kapasitesi<\/td>\n<td>8.8G<\/td>\n<\/tr>\n<tr>\n<td>Paket \u0130letim Oran\u0131<\/td>\n<td>5.36Mpps<\/td>\n<\/tr>\n<tr>\n<td>Uygulama Nem Oran\u0131<\/td>\n<td>% 10 ~% 90<\/td>\n<\/tr>\n<tr>\n<td>G&uuml;&ccedil; Kayna\u011f\u0131<\/td>\n<td>AC 100 ~ 240V<\/td>\n<\/tr>\n<tr>\n<td>Y\u0131ld\u0131r\u0131mdan Korunma<\/td>\n<td>Ortak Mod 4KV<\/p>\n<p>&nbsp;<\/p>\n<p>Diferansiyel Modu 2V<\/p>\n<\/td>\n<\/tr>\n<tr>\n<td>&Ccedil;al\u0131\u015fma Ko\u015fullar\u0131<\/td>\n<td>-10 \u2103 ~ 55 \u2103<\/td>\n<\/tr>\n<tr>\n<td>Net A\u011f\u0131rl\u0131k<\/td>\n<td>3.51kg<\/td>\n<\/tr>\n<tr>\n<td>Boyutlar<\/td>\n<td>440mm x300mm x44mm<\/td>\n<\/tr>\n<tr>\n<td><strong>Aksesuarlar<\/strong><\/td>\n<td>&nbsp;<\/td>\n<\/tr>\n<tr>\n<td>PFT3950<\/td>\n<td>1.25G 850nm, 500m, LC, &Ccedil;ok modlu<\/td>\n<\/tr>\n<tr>\n<td>PFT3960<\/td>\n<td>1.25G 1310 \/ 1550nm, 20km, LC, Tek modlu<\/td>\n<\/tr>\n<tr>\n<td>PFT3970<\/td>\n<td>1.25G 1550 \/ 1310nm, 20km, LC, Tek modlu<\/td>\n<\/tr>\n<\/tbody>\n<\/table>\n<table border=\"1\" cellpadding=\"5\" cellspacing=\"1\" id=\"table002\">\n<tbody>\n<tr>\n<td colspan=\"2\"><strong>Sistem &Ouml;zellikleri<\/strong><\/td>\n<\/tr>\n<tr>\n<td rowspan=\"2\">Sistem<\/td>\n<td>Kullan\u0131c\u0131 ad\u0131 \/ \u015fifre: admin \/ admin<\/td>\n<\/tr>\n<tr>\n<td>IP Adresi: 192.168.1.110\/24<\/td>\n<\/tr>\n<tr>\n<td>PoE B&uuml;t&ccedil;e<\/td>\n<td>240W<\/td>\n<\/tr>\n<tr>\n<td>MAC Tablosu Boyutu<\/td>\n<td>4K<\/td>\n<\/tr>\n<tr>\n<td>VLAN<\/td>\n<td>802.1Q Standart VLAN<\/td>\n<\/tr>\n<tr>\n<td>Spanning Tree<\/td>\n<td>STP<\/p>\n<p>&nbsp;<\/p>\n<p>RSTP<\/p>\n<\/td>\n<\/tr>\n<tr>\n<td>Port Toplama<\/td>\n<td>Statik port toplama<\/p>\n<p>&nbsp;<\/p>\n<p>LACP protokol&uuml;<\/p>\n<\/td>\n<\/tr>\n<tr>\n<td>Mirroring<\/td>\n<td>&Ccedil;ok noktal\u0131 port mirroring<\/td>\n<\/tr>\n<tr>\n<td>DHCP<\/td>\n<td>DHCP-Client mevcut<\/td>\n<\/tr>\n<tr>\n<td>Uzun Mesafe Modu<\/td>\n<td>250m&rsquo;ye kadar &ldquo;G&uuml;&ccedil; ve Veri&rdquo; iletim mesafesi<\/td>\n<\/tr>\n<tr>\n<td>Ak\u0131\u015f Kontrol&uuml;<\/td>\n<td>Geri bas\u0131n&ccedil;l\u0131 tip kontroll&uuml; yar\u0131 dubleks;<\/p>\n<p>&nbsp;<\/p>\n<p>F PAUSE &ccedil;er&ccedil;eveye dayal\u0131 full dubleks<\/p>\n<\/td>\n<\/tr>\n<tr>\n<td>G&uuml;venlik &Ouml;zellikleri<\/td>\n<td>IP + port&rsquo;a dayal\u0131 MAC ba\u011flama;<\/p>\n<p>&nbsp;<\/p>\n<p>IEEE802.1x port kimlik do\u011frulamas\u0131<\/p>\n<\/td>\n<\/tr>\n<tr>\n<td>Sistem Bak\u0131m\u0131<\/td>\n<td>Tek d&uuml;\u011fmeyle kurtarma<\/p>\n<p>&nbsp;<\/p>\n<p>G&uuml;ncellenmi\u015f paket y&uuml;klemeyi destekleme<\/p>\n<p>Sistem g&uuml;nl&uuml;\u011f&uuml;<\/p>\n<\/td>\n<\/tr>\n<tr>\n<td>QoS<\/td>\n<td>Y&uuml;ksek ve d&uuml;\u015f&uuml;k &ouml;ncelikli, WRR<\/p>\n<p>&nbsp;<\/p>\n<p>802.1P, DSCP<\/p>\n<p>Protokol uyar\u0131nca destek &ouml;nceli\u011fi<\/p>\n<\/td>\n<\/tr>\n<tr>\n<td>Network Y&ouml;netimi<\/td>\n<td>WEB (http ve https protokol&uuml;)<\/p>\n<p>&nbsp;<\/p>\n<p>SNMP V1 \/ V2C \/ V3&rsquo;&uuml; destekleme<\/p>\n<\/td>\n<\/tr>\n<tr>\n<td>Yetki Belgesi Y&ouml;netimi<\/td>\n<td>PoE ayar\u0131 (real-time port t&uuml;ketimi)<\/p>\n<p>&nbsp;<\/p>\n<p>PoE etkinlik istatistikleri<\/p>\n<p>Ye\u015fil PoE<\/p>\n<\/td>\n<\/tr>\n<\/tbody>\n<\/table>\n","protected":false},"excerpt":{"rendered":"<p>Katman 2 y&ouml;netimi PoE switch PoE b&uuml;t&ccedil;esi: 240W PoE mevcut, PoE +, Hi-PoE &lsquo;Portakal portu&rsquo; mevcut Hi-PoE, PoE geni\u015fletici (PFT1300) ile kullan\u0131labilir. 250 metre mesafe uzak PoE iletimi PoE y&ouml;netimi , PoE Ayarlar\u0131 \/ Olay \u0130statistikleri \/ Ye\u015fil PoE ConfigTool ile arama ve y&uuml;kseltme Web y&ouml;netimi mevcut Y&uuml;ksek y\u0131ld\u0131r\u0131mdan korunma tasar\u0131m\u0131 Engelleyici olmayan video iletimi [&#8230;]\n","protected":false},"featured_media":746,"comment_status":"closed","ping_status":"closed","template":"","meta":[],"_links":{"self":[{"href":"https:\/\/nilbilisim.com.tr\/magaza\/wp-json\/wp\/v2\/product\/745"}],"collection":[{"href":"https:\/\/nilbilisim.com.tr\/magaza\/wp-json\/wp\/v2\/product"}],"about":[{"href":"https:\/\/nilbilisim.com.tr\/magaza\/wp-json\/wp\/v2\/types\/product"}],"replies":[{"embeddable":true,"href":"https:\/\/nilbilisim.com.tr\/magaza\/wp-json\/wp\/v2\/comments?post=745"}],"wp:featuredmedia":[{"embeddable":true,"href":"https:\/\/nilbilisim.com.tr\/magaza\/wp-json\/wp\/v2\/media\/746"}],"wp:attachment":[{"href":"https:\/\/nilbilisim.com.tr\/magaza\/wp-json\/wp\/v2\/media?parent=745"}],"curies":[{"name":"wp","href":"https:\/\/api.w.org\/{rel}","templated":true}]}}