{"id":793,"date":"2021-01-18T21:23:12","date_gmt":"2021-01-18T21:23:12","guid":{"rendered":"https:\/\/nilbilisim.com.tr\/magaza\/urun\/dahua-hac-hdbw2401rp-z-4mp-wdr-hdcvi-ir-dome-kamera\/"},"modified":"2024-07-01T01:44:16","modified_gmt":"2024-06-30T22:44:16","slug":"dahua-hac-hdbw2401rp-z-4mp-wdr-hdcvi-ir-dome-kamera","status":"publish","type":"product","link":"https:\/\/nilbilisim.com.tr\/magaza\/urun\/dahua-hac-hdbw2401rp-z-4mp-wdr-hdcvi-ir-dome-kamera\/","title":{"rendered":"Dahua HAC-HDBW2401RP-Z 4MP WDR HDCVI IR Dome Kamera"},"content":{"rendered":"<ul>\n<li>120dB Ger&ccedil;ek WDR, 3DNR<\/li>\n<li>Maks. 4MP ger&ccedil;ek zamanl\u0131<\/li>\n<li>HD ve SD &ccedil;ift &ccedil;\u0131k\u0131\u015f<\/li>\n<li>2.7-12mm motorize lens<\/li>\n<li>Maks. IR uzunlu\u011fu 30m, Ak\u0131ll\u0131 IR<\/li>\n<li>IP67, DC12V,IK10<\/li>\n<\/ul>\n<table border=\"1\" cellpadding=\"5\" cellspacing=\"1\" id=\"table-1\">\n<tbody>\n<tr>\n<td colspan=\"2\"><strong>Dahua HAC-HDBW2401RP-Z Teknik &Ouml;zellikleri<\/strong><\/td>\n<\/tr>\n<tr>\n<td colspan=\"2\"><strong>Kamera<\/strong><\/td>\n<\/tr>\n<tr>\n<td>G&ouml;r&uuml;nt&uuml; Sens&ouml;r&uuml;<\/td>\n<td>1\/3 &ldquo;CMOS<\/td>\n<\/tr>\n<tr>\n<td>Etkin Piksel<\/td>\n<td>2688 (H) x1520 (V), 4.1MP<\/td>\n<\/tr>\n<tr>\n<td>Tarama Sistemi<\/td>\n<td>Progresif<\/td>\n<\/tr>\n<tr>\n<td>Elektronik Shutter H\u0131z\u0131<\/td>\n<td>PAL:&nbsp;1\/4s~1\/100,000s<\/p>\n<p>&nbsp;<\/p>\n<p>NTSC: 1\/3s~1\/100,000s<\/p>\n<\/td>\n<\/tr>\n<tr>\n<td>Minimum Ayd\u0131nlatma<\/td>\n<td>0.01Lux \/ F1.3, 0Lux IR<\/td>\n<\/tr>\n<tr>\n<td>S \/ N Oran\u0131<\/td>\n<td>65dB&rsquo;den fazla<\/td>\n<\/tr>\n<tr>\n<td>IR Mesafesi<\/td>\n<td>30 metreye kadar (98 feet)<\/td>\n<\/tr>\n<tr>\n<td>IR A&ccedil;\u0131k \/ Kapal\u0131 Kontrol<\/td>\n<td>Otomatik \/ Manuel<\/td>\n<\/tr>\n<tr>\n<td>IR LED<\/td>\n<td>2<\/td>\n<\/tr>\n<tr>\n<td colspan=\"2\"><strong>Lens<\/strong><\/td>\n<\/tr>\n<tr>\n<td>Lens Tipi<\/td>\n<td>Motorize lens \/ Sabit iris<\/td>\n<\/tr>\n<tr>\n<td>Montaj Tipi<\/td>\n<td>Board-in<\/td>\n<\/tr>\n<tr>\n<td>Odak Uzakl\u0131\u011f\u0131<\/td>\n<td>2.7-12mm<\/td>\n<\/tr>\n<tr>\n<td>Maks. A&ccedil;\u0131kl\u0131k<\/td>\n<td>F1.3<\/td>\n<\/tr>\n<tr>\n<td>G&ouml;r&uuml;\u015f A&ccedil;\u0131s\u0131<\/td>\n<td>H: 98&deg;~26&deg;<\/td>\n<\/tr>\n<tr>\n<td>Netlik Ayar\u0131<\/td>\n<td>Otomatik \/ Manual<\/td>\n<\/tr>\n<tr>\n<td>Yak\u0131n Odak Mesafesi<\/td>\n<td>200mm 7.87&rdquo;<\/td>\n<\/tr>\n<tr>\n<td colspan=\"2\"><strong>Pan \/ Tilt \/ Flip<\/strong><\/td>\n<\/tr>\n<tr>\n<td>Pan \/ Tilt \/ Flip<\/td>\n<td>Soldan sa\u011fa: 0 &deg; ~ 355 &deg;; yukardan a\u015fa\u011f\u0131 0 &deg; ~ 75 &deg;; Flip: 0 &deg; ~ 355 &deg; 3 Eksenli (3 Axis) y&ouml;n ayar\u0131 ve istenildi\u011fi gibi ayarlanabilme<\/td>\n<\/tr>\n<tr>\n<td colspan=\"2\"><strong>Video<\/strong><\/td>\n<\/tr>\n<tr>\n<td>&Ccedil;&ouml;z&uuml;n&uuml;rl&uuml;k<\/td>\n<td>4MP (2560 &times; 1440)<\/td>\n<\/tr>\n<tr>\n<td>Kare H\u0131z\u0131<\/td>\n<td>25fps @ 4MP, 25 \/ 30fps 1080p @ 25 \/ 30fps @ 720p<\/td>\n<\/tr>\n<tr>\n<td>Video &Ccedil;\u0131k\u0131\u015f\u0131<\/td>\n<td>1 kanal BNC HDCVI y&uuml;ksek tan\u0131ml\u0131 video &ccedil;\u0131k\u0131\u015f\u0131 ve 1 kanal BNC CVBS video &ccedil;\u0131k\u0131\u015f\u0131<\/td>\n<\/tr>\n<tr>\n<td>G&uuml;nd&uuml;z\/Gece<\/td>\n<td>Otomatik (ICR) \/ Manuel<\/td>\n<\/tr>\n<tr>\n<td>OSD Men&uuml;<\/td>\n<td>&Ccedil;oklu dil<\/td>\n<\/tr>\n<tr>\n<td>BLC Modu<\/td>\n<td>BLC \/ HLC \/ WDR<\/td>\n<\/tr>\n<tr>\n<td>WDR<\/td>\n<td>120dB<\/td>\n<\/tr>\n<tr>\n<td>Kazan&ccedil; Kontrol&uuml;<\/td>\n<td>AGC<\/td>\n<\/tr>\n<tr>\n<td>Parazit Azaltma<\/td>\n<td>2D \/ 3D<\/td>\n<\/tr>\n<tr>\n<td>Beyaz Dengesi<\/td>\n<td>Otomatik \/ Manuel<\/td>\n<\/tr>\n<tr>\n<td>Ak\u0131ll\u0131 IR<\/td>\n<td>Otomatik \/ Manuel<\/td>\n<\/tr>\n<tr>\n<td><strong>Sertifikalar<\/strong><\/td>\n<td>&nbsp;<\/td>\n<\/tr>\n<tr>\n<td>Sertifikalar<\/td>\n<td>CE (EN55032, EN55024, EN50130-4)<\/p>\n<p>&nbsp;<\/p>\n<p>FCC (CFR 47 FCC B&ouml;l&uuml;m 15 alt b&ouml;l&uuml;m B, ANSI C63.4-2014)<\/p>\n<p>UL (UL60950-1 + CAN \/ CSA C22.2 No.60950-1)<\/p>\n<\/td>\n<\/tr>\n<tr>\n<td colspan=\"2\"><strong>Aray&uuml;z<\/strong><\/td>\n<\/tr>\n<tr>\n<td>Video Aray&uuml;z<\/td>\n<td>&ndash;<\/td>\n<\/tr>\n<\/tbody>\n<\/table>\n<table border=\"1\" cellpadding=\"5\" cellspacing=\"1\" id=\"table-2\">\n<tbody>\n<tr>\n<td colspan=\"2\"><strong>G&uuml;&ccedil;<\/strong><\/td>\n<\/tr>\n<tr>\n<td>G&uuml;&ccedil; Kayna\u011f\u0131<\/td>\n<td>12V DC &plusmn;% 25<\/td>\n<\/tr>\n<tr>\n<td>G&uuml;&ccedil; T&uuml;ketimi<\/td>\n<td>Maks. 7,5W (12V DC, IR)<\/td>\n<\/tr>\n<tr>\n<td colspan=\"2\"><strong>&Ccedil;evre Ko\u015fullar\u0131<\/strong><\/td>\n<\/tr>\n<tr>\n<td>&Ccedil;al\u0131\u015fma Ko\u015fullar\u0131<\/td>\n<td>-30 &deg; C ~ + 60 &deg; C (-22 &deg; F ~ + 140 &deg; F) \/ az% 90 RH &Ccedil;al\u0131\u015ft\u0131rma -30 &deg; C&rsquo;nin (-22 &deg; F) &uuml;st&uuml;nde yap\u0131lmal\u0131d\u0131r.<\/td>\n<\/tr>\n<tr>\n<td>Dayan\u0131kl\u0131l\u0131k Ko\u015fullar\u0131<\/td>\n<td>-30 &deg; C ~ + 60 &deg; C (-22 &deg; F ~ + 140 &deg; F) \/ az% 90 RH<\/td>\n<\/tr>\n<tr>\n<td>Koruma Sertifikas\u0131 ve Dayan\u0131kl\u0131l\u0131k Sertifikas\u0131<\/td>\n<td>IP67 ve IK10<\/td>\n<\/tr>\n<tr>\n<td colspan=\"2\"><strong>Kasa<\/strong><\/td>\n<\/tr>\n<tr>\n<td>Kasa<\/td>\n<td>Al&uuml;minyum<\/td>\n<\/tr>\n<tr>\n<td>Boyutlar<\/td>\n<td>&Phi;122mm&times;88.9mm<\/td>\n<\/tr>\n<tr>\n<td>Net A\u011f\u0131rl\u0131k<\/td>\n<td>0.47kg<\/td>\n<\/tr>\n<\/tbody>\n<\/table>\n<p><img loading=\"lazy\" alt=\"adsiz2\" height=\"200\" sizes=\"(max-width: 500px) 100vw, 500px\" src=\"https:\/\/www.okisan.com\/wp-content\/uploads\/2016\/12\/Ads%C4%B1z2-1-500x200.png\" srcset=\"https:\/\/www.okisan.com\/wp-content\/uploads\/2016\/12\/Ads\u0131z2-1-120x48.png 120w, https:\/\/www.okisan.com\/wp-content\/uploads\/2016\/12\/Ads\u0131z2-1-150x60.png 150w, https:\/\/www.okisan.com\/wp-content\/uploads\/2016\/12\/Ads\u0131z2-1-200x80.png 200w, https:\/\/www.okisan.com\/wp-content\/uploads\/2016\/12\/Ads\u0131z2-1-300x120.png 300w, https:\/\/www.okisan.com\/wp-content\/uploads\/2016\/12\/Ads\u0131z2-1-400x160.png 400w, https:\/\/www.okisan.com\/wp-content\/uploads\/2016\/12\/Ads\u0131z2-1-500x200.png 500w, https:\/\/www.okisan.com\/wp-content\/uploads\/2016\/12\/Ads\u0131z2-1-600x241.png 600w, https:\/\/www.okisan.com\/wp-content\/uploads\/2016\/12\/Ads\u0131z2-1.png 676w\" width=\"500\" \/><img loading=\"lazy\" alt=\"adsiz1\" height=\"486\" sizes=\"(max-width: 500px) 100vw, 500px\" src=\"https:\/\/www.okisan.com\/wp-content\/uploads\/2016\/12\/Ads%C4%B1z1-1-500x486.png\" srcset=\"https:\/\/www.okisan.com\/wp-content\/uploads\/2016\/12\/Ads\u0131z1-1-120x117.png 120w, https:\/\/www.okisan.com\/wp-content\/uploads\/2016\/12\/Ads\u0131z1-1-150x146.png 150w, https:\/\/www.okisan.com\/wp-content\/uploads\/2016\/12\/Ads\u0131z1-1-200x195.png 200w, https:\/\/www.okisan.com\/wp-content\/uploads\/2016\/12\/Ads\u0131z1-1-300x292.png 300w, https:\/\/www.okisan.com\/wp-content\/uploads\/2016\/12\/Ads\u0131z1-1-400x389.png 400w, https:\/\/www.okisan.com\/wp-content\/uploads\/2016\/12\/Ads\u0131z1-1-500x486.png 500w, https:\/\/www.okisan.com\/wp-content\/uploads\/2016\/12\/Ads\u0131z1-1.png 551w\" width=\"500\" \/><\/p>\n","protected":false},"excerpt":{"rendered":"<p>120dB Ger&ccedil;ek WDR, 3DNR Maks. 4MP ger&ccedil;ek zamanl\u0131 HD ve SD &ccedil;ift &ccedil;\u0131k\u0131\u015f 2.7-12mm motorize lens Maks. IR uzunlu\u011fu 30m, Ak\u0131ll\u0131 IR IP67, DC12V,IK10 Dahua HAC-HDBW2401RP-Z Teknik &Ouml;zellikleri Kamera G&ouml;r&uuml;nt&uuml; Sens&ouml;r&uuml; 1\/3 &ldquo;CMOS Etkin Piksel 2688 (H) x1520 (V), 4.1MP Tarama Sistemi Progresif Elektronik Shutter H\u0131z\u0131 PAL:&nbsp;1\/4s~1\/100,000s &nbsp; NTSC: 1\/3s~1\/100,000s Minimum Ayd\u0131nlatma 0.01Lux \/ F1.3, [&#8230;]\n","protected":false},"featured_media":794,"comment_status":"closed","ping_status":"closed","template":"","meta":[],"_links":{"self":[{"href":"https:\/\/nilbilisim.com.tr\/magaza\/wp-json\/wp\/v2\/product\/793"}],"collection":[{"href":"https:\/\/nilbilisim.com.tr\/magaza\/wp-json\/wp\/v2\/product"}],"about":[{"href":"https:\/\/nilbilisim.com.tr\/magaza\/wp-json\/wp\/v2\/types\/product"}],"replies":[{"embeddable":true,"href":"https:\/\/nilbilisim.com.tr\/magaza\/wp-json\/wp\/v2\/comments?post=793"}],"wp:featuredmedia":[{"embeddable":true,"href":"https:\/\/nilbilisim.com.tr\/magaza\/wp-json\/wp\/v2\/media\/794"}],"wp:attachment":[{"href":"https:\/\/nilbilisim.com.tr\/magaza\/wp-json\/wp\/v2\/media?parent=793"}],"curies":[{"name":"wp","href":"https:\/\/api.w.org\/{rel}","templated":true}]}}