{"id":994,"date":"2021-01-19T07:32:49","date_gmt":"2021-01-19T07:32:49","guid":{"rendered":"https:\/\/nilbilisim.com.tr\/magaza\/urun\/dahua-ipc-hfw4800ep-4k-ultra-hd-network-small-ir-bullet-kamera\/"},"modified":"2024-07-01T01:43:13","modified_gmt":"2024-06-30T22:43:13","slug":"dahua-ipc-hfw4800ep-4k-ultra-hd-network-small-ir-bullet-kamera","status":"publish","type":"product","link":"https:\/\/nilbilisim.com.tr\/magaza\/urun\/dahua-ipc-hfw4800ep-4k-ultra-hd-network-small-ir-bullet-kamera\/","title":{"rendered":"Dahua IPC-HFW4800EP 4K Ultra HD Network Small IR-Bullet Kamera"},"content":{"rendered":"<ul>\n<li>1\/2.3&rdquo; 4K Progresif Tarama CMOS<\/li>\n<li>H.264 &amp; MJPEG dual-stream Kodlama<\/li>\n<li>Maks. 15fps 4K (3840 &times; 2160)<\/li>\n<li>DWDR, Gece\/Gu\u0308ndu\u0308z (ICR), 3DNR, AWB, AGC, BLC<\/li>\n<li>&Ccedil;oklu Network izleme: Web g&ouml;ru\u0308ntu\u0308leyici, CMS (DSS\/PSS) &amp; DMSS<\/li>\n<li>4mm Sabit Lens<\/li>\n<li>Maks. IR LED G&ouml;ru\u0308\u015f Mesafesi: 30M<\/li>\n<li>IP66, PoE<\/li>\n<\/ul>\n<table border=\"1\" cellpadding=\"5\" cellspacing=\"1\">\n<tbody>\n<tr>\n<td>Model<\/td>\n<td colspan=\"1\">IPC-HFW4800EP<\/td>\n<\/tr>\n<tr>\n<td><strong>Kamera<\/strong><\/td>\n<td colspan=\"1\">&nbsp;<\/td>\n<\/tr>\n<tr>\n<td>G&ouml;r&uuml;nt&uuml; Sens&ouml;r&uuml;<\/td>\n<td colspan=\"1\">1\/2.3&rdquo; 4K progresif scan CMOS<\/td>\n<\/tr>\n<tr>\n<td>Efektif Piksel<\/td>\n<td colspan=\"1\">3840(H)x2160(V)<\/td>\n<\/tr>\n<tr>\n<td>Tarama Sistemi<\/td>\n<td colspan=\"1\">Progresif<\/td>\n<\/tr>\n<tr>\n<td>Elektronik Shutter H\u0131z\u0131<\/td>\n<td colspan=\"1\">Otomatik \/ Manuel, 1\/3(4) ~ 1\/10000s<\/td>\n<\/tr>\n<tr>\n<td>Min. Ayd\u0131nlatma<\/td>\n<td colspan=\"1\">Renkli: 0.1 Lux\/F1.6, 0 Lux\/F1.6 (IR A&ccedil;\u0131k)<\/td>\n<\/tr>\n<tr>\n<td>S\/N Oran\u0131<\/td>\n<td colspan=\"1\">50 dB den &ccedil;ok<\/td>\n<\/tr>\n<tr>\n<td>Video &Ccedil;\u0131k\u0131\u015f\u0131<\/td>\n<td colspan=\"1\">&ndash;<\/td>\n<\/tr>\n<tr>\n<td><strong>Kamera &Ouml;zellikleri<\/strong><\/td>\n<td colspan=\"1\">&nbsp;<\/td>\n<\/tr>\n<tr>\n<td>Maks. G&ouml;r&uuml;\u015f Mesafesi<\/td>\n<td colspan=\"1\">30M<\/td>\n<\/tr>\n<tr>\n<td>Gece\/G&uuml;nd&uuml;z<\/td>\n<td colspan=\"1\">Otomatik (ICR) \/ Renkli \/ S\/B<\/td>\n<\/tr>\n<tr>\n<td>Arka I\u015f\u0131k Tanzimi<\/td>\n<td colspan=\"1\">BLC \/ HLC \/ DWDR<\/td>\n<\/tr>\n<tr>\n<td>Beyaz Dengesi<\/td>\n<td colspan=\"1\">Otomatik\/Manuel<\/td>\n<\/tr>\n<tr>\n<td>Kazan&ccedil; Kontrol&uuml;<\/td>\n<td colspan=\"1\">Otomatik\/Manuel<\/td>\n<\/tr>\n<tr>\n<td>Parazit Azaltma<\/td>\n<td colspan=\"1\">3D<\/td>\n<\/tr>\n<tr>\n<td>&Ouml;zel Alan Maskeleme<\/td>\n<td colspan=\"1\">4 Alana Kadar<\/td>\n<\/tr>\n<tr>\n<td><strong>Lens<\/strong><\/td>\n<td colspan=\"1\">&nbsp;<\/td>\n<\/tr>\n<tr>\n<td>Odak Uzunlu\u011fu<\/td>\n<td colspan=\"1\">4m<\/td>\n<\/tr>\n<tr>\n<td>Maks. Aral\u0131k<\/td>\n<td colspan=\"1\">F1.6<\/td>\n<\/tr>\n<tr>\n<td>Odak Kontrol&uuml;<\/td>\n<td colspan=\"1\">Manuel<\/td>\n<\/tr>\n<tr>\n<td>G&ouml;r&uuml;\u015f A&ccedil;\u0131s\u0131<\/td>\n<td colspan=\"1\">H: 80&deg;<\/td>\n<\/tr>\n<tr>\n<td>Lens Tipi<\/td>\n<td colspan=\"1\">Sabit Lens<\/td>\n<\/tr>\n<tr>\n<td>Montaj Tipi<\/td>\n<td colspan=\"1\">Board Tipi<\/td>\n<\/tr>\n<tr>\n<td><strong>Video<\/strong><\/td>\n<td colspan=\"1\">&nbsp;<\/td>\n<\/tr>\n<tr>\n<td>S\u0131k\u0131\u015ft\u0131rma Format\u0131<\/td>\n<td colspan=\"1\">H.264 \/ MJPEG<\/td>\n<\/tr>\n<tr>\n<td>&Ccedil;&ouml;z&uuml;n&uuml;rl&uuml;k<\/td>\n<td colspan=\"1\">4K (3840 &times; 2160) 3M (2048 &times; 1536) \/ 1080P (1920 &times; 1080) \/ 720p (1280 &times; 720) \/ D1 (\/ 704 &times; 480 704 &times; 576) \/ CIF (352 &times; 288\/352 &times; 240)<\/td>\n<\/tr>\n<tr>\n<td><strong>Frame Oran\u0131<\/strong><\/td>\n<td colspan=\"1\">&nbsp;<\/td>\n<\/tr>\n<tr>\n<td>Ana Ak\u0131\u015f<\/td>\n<td colspan=\"1\">4K(1~15fps)\/3M\/1080P\/ (1 ~ 25\/30fps)<\/td>\n<\/tr>\n<tr>\n<td>Alt Ak\u0131\u015f<\/td>\n<td colspan=\"1\">D1\/CIF (1 ~ 25\/30fps)<\/td>\n<\/tr>\n<tr>\n<td>Bit Oran\u0131<\/td>\n<td colspan=\"1\">H.264: 20K ~ 16Mbps<\/td>\n<\/tr>\n<tr>\n<td><strong>Ses<\/strong><\/td>\n<td colspan=\"1\">&nbsp;<\/td>\n<\/tr>\n<tr>\n<td>S\u0131k\u0131\u015ft\u0131rma Aray&uuml;z&uuml;<\/td>\n<td colspan=\"1\">&ndash;<\/td>\n<\/tr>\n<tr>\n<td>Aray&uuml;zey<\/td>\n<td colspan=\"1\">&ndash;<\/td>\n<\/tr>\n<tr>\n<td><strong>Network<\/strong><\/td>\n<td colspan=\"1\">&nbsp;<\/td>\n<\/tr>\n<tr>\n<td>Ethernet<\/td>\n<td colspan=\"1\">RJ-45 (10\/100Base-T)<\/td>\n<\/tr>\n<tr>\n<td>Wi-Fi<\/td>\n<td colspan=\"1\">&ndash;<\/td>\n<\/tr>\n<tr>\n<td>Protokoller<\/td>\n<td colspan=\"1\">IPv4 \/ IPv6, HTTP, HTTPS, SSL, TCP \/ IP, UDP, UPnP, ICMP, IGMP, SNMP, RTSP, RTP, SMTP, NTP, DHCP, DNS, ADSL, DDNS, FTP, IP Filtresi, QoS, Bonjour<\/td>\n<\/tr>\n<tr>\n<td>ONVIF<\/td>\n<td colspan=\"1\">ONVIF,PSIA,CGI<\/td>\n<\/tr>\n<tr>\n<td>Maks. Kullan\u0131c\u0131 Giri\u015fi<\/td>\n<td colspan=\"1\">20 Kullan\u0131c\u0131<\/td>\n<\/tr>\n<tr>\n<td>Ak\u0131ll\u0131 Telefon Deste\u011fi<\/td>\n<td colspan=\"1\">i-Phone, i-Pad, Android, Windows Phone<\/td>\n<\/tr>\n<tr>\n<td><strong>Aray&uuml;z<\/strong><\/td>\n<td colspan=\"1\">&nbsp;<\/td>\n<\/tr>\n<tr>\n<td>Bellek Yuvas\u0131<\/td>\n<td colspan=\"1\">&ndash;<\/td>\n<\/tr>\n<tr>\n<td>RS485<\/td>\n<td colspan=\"1\">&ndash;<\/td>\n<\/tr>\n<tr>\n<td>Alarm<\/td>\n<td colspan=\"1\">&ndash;<\/td>\n<\/tr>\n<tr>\n<td>PIR Sens&ouml;r Mesafesi<\/td>\n<td colspan=\"1\">&ndash;<\/td>\n<\/tr>\n<tr>\n<td><strong>Genel<\/strong><\/td>\n<td colspan=\"1\">&nbsp;<\/td>\n<\/tr>\n<tr>\n<td>G&uuml;&ccedil;<\/td>\n<td colspan=\"1\">DC12V, PoE (802.3af)<\/td>\n<\/tr>\n<tr>\n<td>G&uuml;&ccedil; T&uuml;ketimi<\/td>\n<td colspan=\"1\">&lt;7.5W<\/td>\n<\/tr>\n<tr>\n<td>&Ccedil;al\u0131\u015fma Ortam\u0131<\/td>\n<td colspan=\"1\">-30 &deg;C ~ +60 &deg;C, &le;95% RH<\/td>\n<\/tr>\n<tr>\n<td>Koruma Sertifikas\u0131<\/td>\n<td colspan=\"1\">IP66<\/td>\n<\/tr>\n<tr>\n<td>Darbeye Dayan\u0131kl\u0131l\u0131k<\/td>\n<td colspan=\"1\">&ndash;<\/td>\n<\/tr>\n<tr>\n<td>Boyutlar<\/td>\n<td colspan=\"1\">168.1mm x 66mm x 58.4mm<br \/>\n\t\t\t\u015eimdi: 178.4mm x 70 mm x 69.9mm<\/td>\n<\/tr>\n<tr>\n<td>A\u011f\u0131rl\u0131k<\/td>\n<td colspan=\"1\">528g&nbsp;(Ambalaj\u0131 ile 683.4g)<\/td>\n<\/tr>\n<\/tbody>\n<\/table>\n","protected":false},"excerpt":{"rendered":"<p>1\/2.3&rdquo; 4K Progresif Tarama CMOS H.264 &amp; MJPEG dual-stream Kodlama Maks. 15fps 4K (3840 &times; 2160) DWDR, Gece\/Gu\u0308ndu\u0308z (ICR), 3DNR, AWB, AGC, BLC &Ccedil;oklu Network izleme: Web g&ouml;ru\u0308ntu\u0308leyici, CMS (DSS\/PSS) &amp; DMSS 4mm Sabit Lens Maks. IR LED G&ouml;ru\u0308\u015f Mesafesi: 30M IP66, PoE Model IPC-HFW4800EP Kamera &nbsp; G&ouml;r&uuml;nt&uuml; Sens&ouml;r&uuml; 1\/2.3&rdquo; 4K progresif scan CMOS Efektif [&#8230;]\n","protected":false},"featured_media":995,"comment_status":"closed","ping_status":"closed","template":"","meta":[],"_links":{"self":[{"href":"https:\/\/nilbilisim.com.tr\/magaza\/wp-json\/wp\/v2\/product\/994"}],"collection":[{"href":"https:\/\/nilbilisim.com.tr\/magaza\/wp-json\/wp\/v2\/product"}],"about":[{"href":"https:\/\/nilbilisim.com.tr\/magaza\/wp-json\/wp\/v2\/types\/product"}],"replies":[{"embeddable":true,"href":"https:\/\/nilbilisim.com.tr\/magaza\/wp-json\/wp\/v2\/comments?post=994"}],"wp:featuredmedia":[{"embeddable":true,"href":"https:\/\/nilbilisim.com.tr\/magaza\/wp-json\/wp\/v2\/media\/995"}],"wp:attachment":[{"href":"https:\/\/nilbilisim.com.tr\/magaza\/wp-json\/wp\/v2\/media?parent=994"}],"curies":[{"name":"wp","href":"https:\/\/api.w.org\/{rel}","templated":true}]}}